Last updated on 2023-03-21 12:50:30 CET.
Flavor | Version | Tinstall | Tcheck | Ttotal | Status | Flags |
---|---|---|---|---|---|---|
r-devel-linux-x86_64-debian-clang | 2.2.5 | 15.96 | 51.56 | 67.52 | OK | |
r-devel-linux-x86_64-debian-gcc | 2.2.5 | 15.15 | 38.70 | 53.85 | OK | |
r-devel-linux-x86_64-fedora-clang | 2.2.5 | 84.00 | NOTE | |||
r-devel-linux-x86_64-fedora-gcc | 2.2.5 | 87.60 | NOTE | |||
r-devel-windows-x86_64 | 2.2.5 | 73.00 | 95.00 | 168.00 | OK | |
r-patched-linux-x86_64 | 2.2.5 | 18.44 | 49.02 | 67.46 | OK | |
r-release-linux-x86_64 | 2.2.5 | 18.04 | 48.31 | 66.35 | OK | |
r-release-macos-arm64 | 2.2.5 | 34.00 | OK | |||
r-release-macos-x86_64 | 2.2.5 | 38.00 | OK | |||
r-release-windows-x86_64 | 2.2.5 | 52.00 | 92.00 | 144.00 | OK | |
r-oldrel-macos-arm64 | 2.2.5 | 37.00 | OK | |||
r-oldrel-macos-x86_64 | 2.2.5 | 42.00 | OK | |||
r-oldrel-windows-ix86+x86_64 | 2.2.5 | 42.00 | 96.00 | 138.00 | OK |
Version: 2.2.5
Check: data for non-ASCII characters
Result: NOTE
Note: found 385 marked UTF-8 strings
Flavors: r-devel-linux-x86_64-fedora-clang, r-devel-linux-x86_64-fedora-gcc