Last updated on 2023-03-31 21:52:57 CEST.
Flavor | Version | Tinstall | Tcheck | Ttotal | Status | Flags |
---|---|---|---|---|---|---|
r-devel-linux-x86_64-debian-clang | 1.0.1 | 2.66 | 40.13 | 42.79 | OK | |
r-devel-linux-x86_64-debian-gcc | 1.0.1 | 1.76 | 30.75 | 32.51 | OK | |
r-devel-linux-x86_64-fedora-clang | 1.0.1 | 56.13 | OK | |||
r-devel-linux-x86_64-fedora-gcc | 1.0.1 | 51.80 | OK | |||
r-devel-windows-x86_64 | 1.0.1 | 24.00 | 0.00 | 24.00 | OK | |
r-patched-linux-x86_64 | 1.0.1 | 2.47 | 39.60 | 42.07 | OK | |
r-release-linux-x86_64 | 1.0.1 | 2.42 | 39.14 | 41.56 | OK | |
r-release-macos-arm64 | 1.0.1 | 18.00 | OK | |||
r-release-macos-x86_64 | 1.0.1 | 28.00 | NOTE | |||
r-release-windows-x86_64 | 1.0.1 | 20.00 | 69.00 | 89.00 | OK | |
r-oldrel-macos-arm64 | 1.0.1 | 23.00 | OK | |||
r-oldrel-macos-x86_64 | 1.0.1 | 88.00 | OK | |||
r-oldrel-windows-ix86+x86_64 | 1.0.1 | 5.00 | 65.00 | 70.00 | OK |
Version: 1.0.1
Check: package dependencies
Result: NOTE
Package suggested but not available for checking: ‘BayesTree’
Flavor: r-release-macos-x86_64