Last updated on 2023-03-21 03:54:15 CET.
Flavor | Version | Tinstall | Tcheck | Ttotal | Status | Flags |
---|---|---|---|---|---|---|
r-devel-linux-x86_64-debian-clang | 2.2 | NOTE | ||||
r-devel-linux-x86_64-debian-gcc | 2.2 | 113.35 | 132.24 | 245.59 | NOTE | |
r-devel-linux-x86_64-fedora-clang | 2.2 | 434.65 | NOTE | |||
r-devel-linux-x86_64-fedora-gcc | 2.2 | 427.61 | NOTE | |||
r-devel-windows-x86_64 | 2.2 | 114.00 | 240.00 | 354.00 | NOTE | |
r-patched-linux-x86_64 | 2.2 | 111.46 | 168.82 | 280.28 | OK | |
r-release-linux-x86_64 | 2.2 | 118.94 | 164.44 | 283.38 | OK | |
r-release-macos-arm64 | 2.2 | 132.00 | NOTE | |||
r-release-macos-x86_64 | 2.2 | 164.00 | NOTE | |||
r-release-windows-x86_64 | 2.2 | 103.00 | 241.00 | 344.00 | OK | |
r-oldrel-macos-arm64 | 2.2 | 129.00 | NOTE | |||
r-oldrel-macos-x86_64 | 2.2 | 148.00 | NOTE | |||
r-oldrel-windows-ix86+x86_64 | 2.2 | 323.00 | 323.00 | 646.00 | OK |
Version: 2.2
Check: C++ specification
Result: NOTE
Specified C++11: please drop specification unless essential
Flavors: r-devel-linux-x86_64-debian-clang, r-devel-linux-x86_64-debian-gcc, r-devel-linux-x86_64-fedora-clang, r-devel-linux-x86_64-fedora-gcc, r-devel-windows-x86_64
Version: 2.2
Check: installed package size
Result: NOTE
installed size is 8.3Mb
sub-directories of 1Mb or more:
libs 7.7Mb
Flavors: r-release-macos-arm64, r-release-macos-x86_64, r-oldrel-macos-arm64, r-oldrel-macos-x86_64