Last updated on 2024-03-29 00:50:43 CET.
Flavor | Version | Tinstall | Tcheck | Ttotal | Status | Flags |
---|---|---|---|---|---|---|
r-devel-linux-x86_64-debian-clang | 0.7.1 | 14.94 | 162.00 | 176.94 | OK | |
r-devel-linux-x86_64-debian-gcc | 0.7.1 | 12.40 | 117.30 | 129.70 | OK | |
r-devel-linux-x86_64-fedora-clang | 0.7.1 | 241.58 | NOTE | |||
r-devel-linux-x86_64-fedora-gcc | 0.7.1 | 241.39 | OK | |||
r-devel-windows-x86_64 | 0.7.1 | 14.00 | 125.00 | 139.00 | NOTE | |
r-patched-linux-x86_64 | 0.7.1 | 12.89 | 156.72 | 169.61 | OK | |
r-release-linux-x86_64 | 0.7.1 | 13.64 | 162.48 | 176.12 | OK | |
r-release-macos-arm64 | 0.7.1 | 60.00 | NOTE | |||
r-release-macos-x86_64 | 0.7.1 | 134.00 | NOTE | |||
r-release-windows-x86_64 | 0.7.1 | 19.00 | 162.00 | 181.00 | NOTE | |
r-oldrel-macos-arm64 | 0.7.1 | 57.00 | NOTE | |||
r-oldrel-windows-x86_64 | 0.7.1 | 22.00 | 189.00 | 211.00 | NOTE |
Version: 0.7.1
Check: installed package size
Result: NOTE
installed size is 6.3Mb
sub-directories of 1Mb or more:
help 6.0Mb
Flavors: r-devel-linux-x86_64-fedora-clang, r-devel-windows-x86_64, r-release-macos-arm64, r-release-macos-x86_64, r-release-windows-x86_64, r-oldrel-macos-arm64, r-oldrel-windows-x86_64