Last updated on 2024-04-19 11:56:39 CEST.
Flavor | Version | Tinstall | Tcheck | Ttotal | Status | Flags |
---|---|---|---|---|---|---|
r-devel-linux-x86_64-debian-clang | 2.1.1 | 369.17 | 357.51 | 726.68 | OK | |
r-devel-linux-x86_64-debian-gcc | 2.1.1 | OK | ||||
r-devel-linux-x86_64-fedora-clang | 2.2.0 | 849.05 | OK | |||
r-devel-linux-x86_64-fedora-gcc | 2.2.0 | 825.88 | OK | |||
r-prerel-macos-arm64 | 2.1.1 | 221.00 | NOTE | |||
r-prerel-macos-x86_64 | 2.2.0 | 456.00 | NOTE | |||
r-prerel-windows-x86_64 | 2.1.1 | 281.00 | 372.00 | 653.00 | NOTE | |
r-patched-linux-x86_64 | 2.1.1 | 364.73 | 356.47 | 721.20 | OK | |
r-release-linux-x86_64 | 2.1.1 | 363.82 | 364.46 | 728.28 | OK | |
r-release-macos-arm64 | 2.1.1 | 216.00 | NOTE | |||
r-release-macos-x86_64 | 2.2.0 | 380.00 | NOTE | |||
r-release-windows-x86_64 | 2.1.1 | 364.00 | 423.00 | 787.00 | NOTE | |
r-oldrel-macos-arm64 | 2.1.1 | 205.00 | NOTE | |||
r-oldrel-windows-x86_64 | 2.1.1 | 365.00 | 409.00 | 774.00 | NOTE |
Version: 2.1.1
Check: installed package size
Result: NOTE
installed size is 12.8Mb
sub-directories of 1Mb or more:
doc 2.7Mb
libs 9.3Mb
Flavors: r-prerel-macos-arm64, r-prerel-windows-x86_64, r-release-macos-arm64, r-release-windows-x86_64, r-oldrel-macos-arm64, r-oldrel-windows-x86_64
Version: 2.2.0
Check: installed package size
Result: NOTE
installed size is 14.3Mb
sub-directories of 1Mb or more:
doc 2.7Mb
libs 10.8Mb
Flavors: r-prerel-macos-x86_64, r-release-macos-x86_64