Last updated on 2023-03-24 12:50:37 CET.
Flavor | Version | Tinstall | Tcheck | Ttotal | Status | Flags |
---|---|---|---|---|---|---|
r-devel-linux-x86_64-debian-clang | 0.2.8 | 50.57 | 138.78 | 189.35 | NOTE | |
r-devel-linux-x86_64-debian-gcc | 0.2.8 | 42.98 | 107.00 | 149.98 | NOTE | |
r-devel-linux-x86_64-fedora-clang | 0.2.8 | 244.72 | NOTE | |||
r-devel-linux-x86_64-fedora-gcc | 0.2.8 | 272.85 | NOTE | |||
r-devel-windows-x86_64 | 0.2.8 | 64.00 | 191.00 | 255.00 | NOTE | |
r-patched-linux-x86_64 | 0.2.8 | 47.97 | 140.94 | 188.91 | OK | |
r-release-linux-x86_64 | 0.2.8 | 45.98 | 140.20 | 186.18 | OK | |
r-release-macos-arm64 | 0.2.8 | 72.00 | NOTE | |||
r-release-macos-x86_64 | 0.2.8 | 96.00 | NOTE | |||
r-release-windows-x86_64 | 0.2.8 | 59.00 | 181.00 | 240.00 | OK | |
r-oldrel-macos-arm64 | 0.2.8 | 72.00 | NOTE | |||
r-oldrel-macos-x86_64 | 0.2.8 | 97.00 | NOTE | |||
r-oldrel-windows-ix86+x86_64 | 0.2.8 | 113.00 | 215.00 | 328.00 | OK |
Version: 0.2.8
Check: C++ specification
Result: NOTE
Specified C++11: please drop specification unless essential
Flavors: r-devel-linux-x86_64-debian-clang, r-devel-linux-x86_64-debian-gcc, r-devel-linux-x86_64-fedora-clang, r-devel-linux-x86_64-fedora-gcc, r-devel-windows-x86_64
Version: 0.2.8
Check: installed package size
Result: NOTE
installed size is 11.4Mb
sub-directories of 1Mb or more:
libs 11.0Mb
Flavors: r-release-macos-arm64, r-release-macos-x86_64, r-oldrel-macos-arm64, r-oldrel-macos-x86_64