Last updated on 2025-02-01 12:48:22 CET.
Flavor | Version | Tinstall | Tcheck | Ttotal | Status | Flags |
---|---|---|---|---|---|---|
r-devel-linux-x86_64-debian-clang | 0.2.10 | 39.26 | 93.03 | 132.29 | NOTE | |
r-devel-linux-x86_64-debian-gcc | 0.2.10 | 33.52 | 67.86 | 101.38 | NOTE | |
r-devel-linux-x86_64-fedora-clang | 0.2.10 | 229.20 | OK | |||
r-devel-linux-x86_64-fedora-gcc | 0.2.10 | 244.72 | OK | |||
r-devel-windows-x86_64 | 0.2.10 | 41.00 | 131.00 | 172.00 | NOTE | |
r-patched-linux-x86_64 | 0.2.10 | 47.00 | 89.73 | 136.73 | OK | |
r-release-linux-x86_64 | 0.2.10 | 43.59 | 87.72 | 131.31 | OK | |
r-release-macos-arm64 | 0.2.10 | 68.00 | NOTE | |||
r-release-macos-x86_64 | 0.2.10 | 213.00 | NOTE | |||
r-release-windows-x86_64 | 0.2.10 | 41.00 | 132.00 | 173.00 | OK | |
r-oldrel-macos-arm64 | 0.2.10 | 74.00 | NOTE | |||
r-oldrel-macos-x86_64 | 0.2.10 | 161.00 | NOTE | |||
r-oldrel-windows-x86_64 | 0.2.10 | 48.00 | 166.00 | 214.00 | OK |
Version: 0.2.10
Check: Rd cross-references
Result: NOTE
Found the following Rd file(s) with Rd \link{} targets missing package
anchors:
LN_hierarchical.Rd: lmer, mcmc
Please provide package anchors for all Rd \link{} targets not in the
package itself and the base packages.
Flavors: r-devel-linux-x86_64-debian-clang, r-devel-linux-x86_64-debian-gcc, r-devel-windows-x86_64
Version: 0.2.10
Check: installed package size
Result: NOTE
installed size is 13.0Mb
sub-directories of 1Mb or more:
libs 12.7Mb
Flavors: r-release-macos-arm64, r-release-macos-x86_64, r-oldrel-macos-arm64, r-oldrel-macos-x86_64