CRAN Package Check Results for Package BayesFactor

Last updated on 2020-09-23 13:04:45 CEST.

Flavor Version Tinstall Tcheck Ttotal Status Flags
r-devel-linux-x86_64-debian-clang 0.9.12-4.2 266.20 310.20 576.40 OK
r-devel-linux-x86_64-debian-gcc 0.9.12-4.2 208.58 233.64 442.22 OK
r-devel-linux-x86_64-fedora-clang 0.9.12-4.2 768.34 NOTE
r-devel-linux-x86_64-fedora-gcc 0.9.12-4.2 842.91 OK
r-devel-windows-ix86+x86_64 0.9.12-4.2 604.00 461.00 1065.00 NOTE
r-patched-linux-x86_64 0.9.12-4.2 216.27 293.54 509.81 OK
r-patched-solaris-x86 0.9.12-4.2 792.30 NOTE
r-release-linux-x86_64 0.9.12-4.2 210.08 294.06 504.14 OK
r-release-macos-x86_64 0.9.12-4.2 NOTE
r-release-windows-ix86+x86_64 0.9.12-4.2 518.00 543.00 1061.00 NOTE
r-oldrel-macos-x86_64 0.9.12-4.2 NOTE
r-oldrel-windows-ix86+x86_64 0.9.12-4.2 390.00 399.00 789.00 NOTE

Check Details

Version: 0.9.12-4.2
Check: installed package size
Result: NOTE
     installed size is 22.6Mb
     sub-directories of 1Mb or more:
     doc 5.4Mb
     libs 16.0Mb
Flavors: r-devel-linux-x86_64-fedora-clang, r-devel-windows-ix86+x86_64, r-patched-solaris-x86, r-release-macos-x86_64, r-release-windows-ix86+x86_64, r-oldrel-macos-x86_64, r-oldrel-windows-ix86+x86_64

Version: 0.9.12-4.2
Check: package dependencies
Result: NOTE
    Package suggested but not available for checking: 'doMC'
Flavors: r-devel-windows-ix86+x86_64, r-release-windows-ix86+x86_64, r-oldrel-windows-ix86+x86_64