CRAN Package Check Results for Package BayesFactor

Last updated on 2020-02-21 12:48:39 CET.

Flavor Version Tinstall Tcheck Ttotal Status Flags
r-devel-linux-x86_64-debian-clang 0.9.12-4.2 250.03 303.81 553.84 OK
r-devel-linux-x86_64-debian-gcc 0.9.12-4.2 169.01 224.93 393.94 OK
r-devel-linux-x86_64-fedora-clang 0.9.12-4.2 720.78 NOTE
r-devel-linux-x86_64-fedora-gcc 0.9.12-4.2 685.79 OK
r-devel-windows-ix86+x86_64 0.9.12-4.2 426.00 330.00 756.00 NOTE
r-devel-windows-ix86+x86_64-gcc8 0.9.12-4.2 683.00 460.00 1143.00 NOTE
r-patched-linux-x86_64 0.9.12-4.2 199.90 266.94 466.84 OK
r-patched-solaris-x86 0.9.12-4.2 735.00 NOTE
r-release-linux-x86_64 0.9.12-4.2 200.97 263.47 464.44 OK
r-release-windows-ix86+x86_64 0.9.12-4.2 403.00 351.00 754.00 NOTE
r-release-osx-x86_64 0.9.12-4.2 NOTE
r-oldrel-windows-ix86+x86_64 0.9.12-4.2 357.00 299.00 656.00 NOTE
r-oldrel-osx-x86_64 0.9.12-4.2 NOTE

Check Details

Version: 0.9.12-4.2
Check: installed package size
Result: NOTE
     installed size is 21.4Mb
     sub-directories of 1Mb or more:
     doc 5.4Mb
     libs 14.9Mb
Flavors: r-devel-linux-x86_64-fedora-clang, r-devel-windows-ix86+x86_64, r-devel-windows-ix86+x86_64-gcc8, r-patched-solaris-x86, r-release-windows-ix86+x86_64, r-release-osx-x86_64, r-oldrel-windows-ix86+x86_64, r-oldrel-osx-x86_64

Version: 0.9.12-4.2
Check: package dependencies
Result: NOTE
    Package suggested but not available for checking: 'doMC'
Flavors: r-devel-windows-ix86+x86_64, r-devel-windows-ix86+x86_64-gcc8, r-release-windows-ix86+x86_64, r-oldrel-windows-ix86+x86_64