Last updated on 2025-04-30 12:48:58 CEST.
Flavor | Version | Tinstall | Tcheck | Ttotal | Status | Flags |
---|---|---|---|---|---|---|
r-devel-linux-x86_64-debian-clang | 2.1 | 5.20 | 30.77 | 35.97 | NOTE | |
r-devel-linux-x86_64-debian-gcc | 2.1 | 2.90 | 23.01 | 25.91 | NOTE | |
r-devel-linux-x86_64-fedora-clang | 2.1 | 56.58 | OK | |||
r-devel-linux-x86_64-fedora-gcc | 2.1 | 57.12 | OK | |||
r-devel-windows-x86_64 | 2.1 | 5.00 | 53.00 | 58.00 | OK | |
r-patched-linux-x86_64 | 2.1 | 3.98 | 29.79 | 33.77 | OK | |
r-release-linux-x86_64 | 2.1 | 5.05 | 29.52 | 34.57 | OK | |
r-release-macos-arm64 | 2.1 | 22.00 | OK | |||
r-release-macos-x86_64 | 2.1 | 44.00 | OK | |||
r-release-windows-x86_64 | 2.1 | 5.00 | 55.00 | 60.00 | OK | |
r-oldrel-macos-arm64 | 2.1 | 20.00 | OK | |||
r-oldrel-macos-x86_64 | 2.1 | 31.00 | OK | |||
r-oldrel-windows-x86_64 | 2.1 | 7.00 | 55.00 | 62.00 | OK |
Version: 2.1
Check: CRAN incoming feasibility
Result: NOTE
Maintainer: ‘Aldo M. Garay <medina_garay@yahoo.com>’
No Authors@R field in DESCRIPTION.
Please add one, modifying
Authors@R: c(person(given = c("Aldo", "M."),
family = "Garay",
role = c("aut", "cre"),
email = "medina_garay@yahoo.com"),
person(given = c("Monique", "B."),
family = "Massuia",
role = "aut",
email = "moniquemassuia@gmail.com"),
person(given = c("Victor", "H."),
family = "Lachos",
role = "aut",
email = "hlachos@ime.unicamp.br"),
person(given = c("Eraldo", "B.", "Anjos"),
family = "Filho",
role = "aut",
email = "ebdaf1@de.ufpe.br"))
as necessary.
Flavors: r-devel-linux-x86_64-debian-clang, r-devel-linux-x86_64-debian-gcc