Last updated on 2024-04-23 12:49:21 CEST.
Flavor | Version | Tinstall | Tcheck | Ttotal | Status | Flags |
---|---|---|---|---|---|---|
r-devel-linux-x86_64-debian-clang | 1.4.1 | 6.99 | 40.26 | 47.25 | NOTE | |
r-devel-linux-x86_64-debian-gcc | 1.4.1 | 5.46 | 30.06 | 35.52 | NOTE | |
r-devel-linux-x86_64-fedora-clang | 1.4.1 | 58.83 | NOTE | |||
r-devel-linux-x86_64-fedora-gcc | 1.4.1 | 56.11 | NOTE | |||
r-prerel-macos-arm64 | 1.4.1 | 22.00 | NOTE | |||
r-prerel-windows-x86_64 | 1.4.1 | 7.00 | 50.00 | 57.00 | NOTE | |
r-patched-linux-x86_64 | 1.4.1 | 5.63 | 39.12 | 44.75 | NOTE | |
r-release-linux-x86_64 | 1.4.1 | 6.18 | 38.96 | 45.14 | OK | |
r-release-macos-arm64 | 1.4.1 | 22.00 | OK | |||
r-release-macos-x86_64 | 1.4.1 | 28.00 | OK | |||
r-release-windows-x86_64 | 1.4.1 | 8.00 | 51.00 | 59.00 | OK | |
r-oldrel-macos-arm64 | 1.4.1 | 20.00 | OK | |||
r-oldrel-windows-x86_64 | 1.4.1 | 9.00 | 53.00 | 62.00 | OK |
Version: 1.4.1
Check: Rd files
Result: NOTE
checkRd: (-1) coupledMetropolis.Rd:83-85: Lost braces in \itemize; meant \describe ?
checkRd: (-1) coupledMetropolis.Rd:86-88: Lost braces in \itemize; meant \describe ?
checkRd: (-1) coupledMetropolis.Rd:89-91: Lost braces in \itemize; meant \describe ?
checkRd: (-1) coupledMetropolis.Rd:92-94: Lost braces in \itemize; meant \describe ?
checkRd: (-1) coupledMetropolis.Rd:95-97: Lost braces in \itemize; meant \describe ?
checkRd: (-1) coupledMetropolis.Rd:98-100: Lost braces in \itemize; meant \describe ?
checkRd: (-1) coupledMetropolis.Rd:101-103: Lost braces in \itemize; meant \describe ?
checkRd: (-1) coupledMetropolis.Rd:104-106: Lost braces in \itemize; meant \describe ?
checkRd: (-1) coupledMetropolis.Rd:107-109: Lost braces in \itemize; meant \describe ?
checkRd: (-1) coupledMetropolis.Rd:110-112: Lost braces in \itemize; meant \describe ?
checkRd: (-1) coupledMetropolis.Rd:113-115: Lost braces in \itemize; meant \describe ?
checkRd: (-1) coupledMetropolis.Rd:116-118: Lost braces in \itemize; meant \describe ?
checkRd: (-1) coupledMetropolis.Rd:119-121: Lost braces in \itemize; meant \describe ?
checkRd: (-1) coupledMetropolis.Rd:122-124: Lost braces in \itemize; meant \describe ?
checkRd: (-1) coupledMetropolis.Rd:125-127: Lost braces in \itemize; meant \describe ?
Flavors: r-devel-linux-x86_64-debian-clang, r-devel-linux-x86_64-debian-gcc, r-devel-linux-x86_64-fedora-clang, r-devel-linux-x86_64-fedora-gcc, r-prerel-macos-arm64, r-prerel-windows-x86_64, r-patched-linux-x86_64