Last updated on 2025-05-11 21:50:01 CEST.
Flavor | Version | Tinstall | Tcheck | Ttotal | Status | Flags |
---|---|---|---|---|---|---|
r-devel-linux-x86_64-debian-clang | 1.9 | 10.44 | 205.88 | 216.32 | NOTE | |
r-devel-linux-x86_64-debian-gcc | 1.9 | 6.95 | 187.31 | 194.26 | NOTE | |
r-devel-linux-x86_64-fedora-clang | 1.9 | 315.44 | OK | |||
r-devel-linux-x86_64-fedora-gcc | 1.9 | 302.63 | OK | |||
r-devel-windows-x86_64 | 1.9 | 11.00 | 214.00 | 225.00 | OK | |
r-patched-linux-x86_64 | 1.9 | 11.08 | 199.87 | 210.95 | OK | |
r-release-linux-x86_64 | 1.9 | 8.03 | 195.55 | 203.58 | OK | |
r-release-macos-arm64 | 1.9 | 141.00 | OK | |||
r-release-macos-x86_64 | 1.9 | 233.00 | OK | |||
r-release-windows-x86_64 | 1.9 | 11.00 | 222.00 | 233.00 | OK | |
r-oldrel-macos-arm64 | 1.9 | 120.00 | OK | |||
r-oldrel-macos-x86_64 | 1.9 | 196.00 | OK | |||
r-oldrel-windows-x86_64 | 1.9 | 15.00 | 297.00 | 312.00 | OK |
Version: 1.9
Check: CRAN incoming feasibility
Result: NOTE
Maintainer: ‘Bernd Bischl <bernd_bischl@gmx.net>’
No Authors@R field in DESCRIPTION.
Please add one, modifying
Authors@R: c(person(given = "Bernd",
family = "Bischl",
role = c("aut", "cre"),
email = "bernd_bischl@gmx.net"),
person(given = "Michel",
family = "Lang",
role = "aut",
email = "michellang@gmail.com"),
person(given = "Henrik",
family = "Bengtsson",
role = "aut",
email = "henrikb@braju.com"))
as necessary.
Package CITATION file contains call(s) to old-style personList() or
as.personList(). Please use c() on person objects instead.
Package CITATION file contains call(s) to old-style citEntry(). Please
use bibentry() instead.
Flavors: r-devel-linux-x86_64-debian-clang, r-devel-linux-x86_64-debian-gcc