Last updated on 2024-04-24 21:54:40 CEST.
Flavor | Version | Tinstall | Tcheck | Ttotal | Status | Flags |
---|---|---|---|---|---|---|
r-devel-linux-x86_64-debian-clang | 0.5.0 | 20.11 | 192.83 | 212.94 | OK | |
r-devel-linux-x86_64-debian-gcc | 0.5.0 | 13.39 | 138.86 | 152.25 | OK | |
r-devel-linux-x86_64-fedora-clang | 0.5.0 | 254.65 | NOTE | |||
r-devel-linux-x86_64-fedora-gcc | 0.5.0 | 245.72 | NOTE | |||
r-devel-windows-x86_64 | 0.5.0 | 17.00 | 151.00 | 168.00 | OK | |
r-patched-linux-x86_64 | 0.5.0 | 23.88 | 184.81 | 208.69 | OK | |
r-release-linux-x86_64 | 0.5.0 | 16.06 | 179.39 | 195.45 | OK | |
r-release-macos-arm64 | 0.5.0 | 73.00 | OK | |||
r-release-windows-x86_64 | 0.5.0 | 17.00 | 153.00 | 170.00 | OK | |
r-oldrel-macos-arm64 | 0.5.0 | 68.00 | NOTE | |||
r-oldrel-macos-x86_64 | 0.5.0 | 120.00 | OK | |||
r-oldrel-windows-x86_64 | 0.5.0 | 21.00 | 200.00 | 221.00 | OK |
Version: 0.5.0
Check: package dependencies
Result: NOTE
Imports includes 25 non-default packages.
Importing from so many packages makes the package vulnerable to any of
them becoming unavailable. Move as many as possible to Suggests and
use conditionally.
Flavor: r-devel-linux-x86_64-fedora-clang
Version: 0.5.0
Check: dependencies in R code
Result: NOTE
Namespaces in Imports field not imported from:
‘circlize’ ‘hexbin’ ‘scales’ ‘sna’
All declared Imports should be used.
Flavors: r-devel-linux-x86_64-fedora-clang, r-devel-linux-x86_64-fedora-gcc, r-oldrel-macos-arm64