Last updated on 2024-03-28 06:52:44 CET.
Flavor | Version | Tinstall | Tcheck | Ttotal | Status | Flags |
---|---|---|---|---|---|---|
r-devel-linux-x86_64-debian-clang | 1.1.9 | 89.46 | 44.58 | 134.04 | NOTE | |
r-devel-linux-x86_64-debian-gcc | 1.1.9 | 70.00 | 36.45 | 106.45 | NOTE | |
r-devel-linux-x86_64-fedora-clang | 1.1.9 | 168.25 | NOTE | |||
r-devel-linux-x86_64-fedora-gcc | 1.1.9 | 203.35 | NOTE | |||
r-devel-windows-x86_64 | 1.1.9 | 63.00 | 76.00 | 139.00 | NOTE | |
r-patched-linux-x86_64 | 1.1.9 | 84.19 | 46.37 | 130.56 | NOTE | |
r-release-linux-x86_64 | 1.1.9 | 98.16 | 47.77 | 145.93 | NOTE | |
r-release-macos-arm64 | 1.1.9 | 56.00 | NOTE | |||
r-release-macos-x86_64 | 1.1.9 | 78.00 | NOTE | |||
r-release-windows-x86_64 | 1.1.9 | 78.00 | 92.00 | 170.00 | NOTE | |
r-oldrel-macos-arm64 | 1.1.9 | 47.00 | NOTE | |||
r-oldrel-windows-x86_64 | 1.1.9 | 74.00 | 88.00 | 162.00 | NOTE |
Version: 1.1.9
Check: C++ specification
Result: NOTE
Specified C++11: please drop specification unless essential
Flavors: r-devel-linux-x86_64-debian-clang, r-devel-linux-x86_64-debian-gcc, r-devel-linux-x86_64-fedora-clang, r-devel-linux-x86_64-fedora-gcc, r-devel-windows-x86_64, r-patched-linux-x86_64, r-release-linux-x86_64, r-release-macos-arm64, r-release-macos-x86_64, r-release-windows-x86_64
Version: 1.1.9
Check: LazyData
Result: NOTE
'LazyData' is specified without a 'data' directory
Flavors: r-devel-linux-x86_64-debian-clang, r-devel-linux-x86_64-debian-gcc, r-devel-linux-x86_64-fedora-clang, r-devel-linux-x86_64-fedora-gcc, r-devel-windows-x86_64, r-patched-linux-x86_64, r-release-linux-x86_64, r-release-macos-arm64, r-release-macos-x86_64, r-release-windows-x86_64, r-oldrel-macos-arm64, r-oldrel-windows-x86_64
Version: 1.1.9
Check: package dependencies
Result: NOTE
Package suggested but not available for checking: ‘doMPI’
Flavors: r-release-macos-arm64, r-release-macos-x86_64, r-oldrel-macos-arm64
Version: 1.1.9
Check: installed package size
Result: NOTE
installed size is 20.0Mb
sub-directories of 1Mb or more:
libs 19.8Mb
Flavors: r-release-macos-arm64, r-release-macos-x86_64, r-oldrel-macos-arm64