Last updated on 2025-02-22 12:50:12 CET.
Flavor | Version | Tinstall | Tcheck | Ttotal | Status | Flags |
---|---|---|---|---|---|---|
r-devel-linux-x86_64-debian-clang | 1.1.9 | 55.74 | 33.63 | 89.37 | NOTE | |
r-devel-linux-x86_64-debian-gcc | 1.1.9 | 47.16 | 29.18 | 76.34 | NOTE | |
r-devel-linux-x86_64-fedora-clang | 1.1.9 | 163.80 | NOTE | |||
r-devel-linux-x86_64-fedora-gcc | 1.1.9 | 184.40 | NOTE | |||
r-devel-macos-arm64 | 1.1.9 | 45.00 | NOTE | |||
r-devel-macos-x86_64 | 1.1.9 | 100.00 | NOTE | |||
r-devel-windows-x86_64 | 1.1.9 | 57.00 | 79.00 | 136.00 | NOTE | |
r-patched-linux-x86_64 | 1.1.9 | 61.99 | 36.53 | 98.52 | NOTE | |
r-release-linux-x86_64 | 1.1.9 | 70.97 | 36.28 | 107.25 | NOTE | |
r-release-macos-arm64 | 1.1.9 | 47.00 | NOTE | |||
r-release-macos-x86_64 | 1.1.9 | 64.00 | NOTE | |||
r-release-windows-x86_64 | 1.1.9 | 60.00 | 77.00 | 137.00 | NOTE | |
r-oldrel-macos-arm64 | 1.1.9 | 56.00 | NOTE | |||
r-oldrel-macos-x86_64 | 1.1.9 | 78.00 | NOTE | |||
r-oldrel-windows-x86_64 | 1.1.9 | 73.00 | 91.00 | 164.00 | NOTE |
Version: 1.1.9
Check: C++ specification
Result: NOTE
Specified C++11: please drop specification unless essential
Flavors: r-devel-linux-x86_64-debian-clang, r-devel-linux-x86_64-debian-gcc, r-devel-linux-x86_64-fedora-clang, r-devel-linux-x86_64-fedora-gcc, r-devel-macos-arm64, r-devel-macos-x86_64, r-devel-windows-x86_64, r-patched-linux-x86_64, r-release-linux-x86_64, r-release-macos-arm64, r-release-macos-x86_64, r-release-windows-x86_64, r-oldrel-macos-arm64, r-oldrel-macos-x86_64, r-oldrel-windows-x86_64
Version: 1.1.9
Check: LazyData
Result: NOTE
'LazyData' is specified without a 'data' directory
Flavors: r-patched-linux-x86_64, r-release-linux-x86_64, r-release-macos-arm64, r-release-macos-x86_64, r-release-windows-x86_64, r-oldrel-macos-arm64, r-oldrel-macos-x86_64, r-oldrel-windows-x86_64
Version: 1.1.9
Check: package dependencies
Result: NOTE
Package suggested but not available for checking: ‘doMPI’
Flavors: r-release-macos-arm64, r-release-macos-x86_64, r-oldrel-macos-arm64, r-oldrel-macos-x86_64
Version: 1.1.9
Check: installed package size
Result: NOTE
installed size is 20.2Mb
sub-directories of 1Mb or more:
libs 20.0Mb
Flavors: r-release-macos-arm64, r-release-macos-x86_64, r-oldrel-macos-arm64, r-oldrel-macos-x86_64