Last updated on 2023-04-01 11:51:22 CEST.
Flavor | Version | Tinstall | Tcheck | Ttotal | Status | Flags |
---|---|---|---|---|---|---|
r-devel-linux-x86_64-debian-clang | 2021.11.2 | 12.55 | 109.41 | 121.96 | OK | |
r-devel-linux-x86_64-debian-gcc | 2021.11.2 | 9.01 | 79.93 | 88.94 | OK | |
r-devel-linux-x86_64-fedora-clang | 2021.11.2 | 159.06 | NOTE | |||
r-devel-linux-x86_64-fedora-gcc | 2021.11.2 | 150.74 | OK | |||
r-devel-windows-x86_64 | 2021.11.2 | 21.00 | 133.00 | 154.00 | NOTE | |
r-patched-linux-x86_64 | 2021.11.2 | 10.64 | 100.33 | 110.97 | OK | |
r-release-linux-x86_64 | 2021.11.2 | 11.98 | 100.53 | 112.51 | OK | |
r-release-macos-arm64 | 2021.11.2 | 49.00 | NOTE | |||
r-release-macos-x86_64 | 2021.11.2 | 59.00 | NOTE | |||
r-release-windows-x86_64 | 2021.11.2 | 29.00 | 150.00 | 179.00 | NOTE | |
r-oldrel-macos-arm64 | 2021.11.2 | 42.00 | NOTE | |||
r-oldrel-macos-x86_64 | 2021.11.2 | 61.00 | NOTE | |||
r-oldrel-windows-ix86+x86_64 | 2021.11.2 | 31.00 | 126.00 | 157.00 | NOTE |
Version: 2021.11.2
Check: installed package size
Result: NOTE
installed size is 5.3Mb
sub-directories of 1Mb or more:
doc 4.9Mb
Flavors: r-devel-linux-x86_64-fedora-clang, r-devel-windows-x86_64, r-release-macos-arm64, r-release-macos-x86_64, r-release-windows-x86_64, r-oldrel-macos-arm64, r-oldrel-macos-x86_64, r-oldrel-windows-ix86+x86_64