CRAN Package Check Results for Package BSS

Last updated on 2024-05-29 11:52:31 CEST.

Flavor Version Tinstall Tcheck Ttotal Status Flags
r-devel-linux-x86_64-debian-clang 0.1.0 3.40 31.77 35.17 NOTE
r-devel-linux-x86_64-debian-gcc 0.1.0 2.37 24.43 26.80 NOTE
r-devel-linux-x86_64-fedora-clang 0.1.0 43.76 NOTE
r-devel-linux-x86_64-fedora-gcc 0.1.0 42.03 NOTE
r-devel-windows-x86_64 0.1.0 4.00 48.00 52.00 NOTE
r-patched-linux-x86_64 0.1.0 3.62 30.76 34.38 NOTE
r-release-linux-x86_64 0.1.0 3.00 31.31 34.31 NOTE
r-release-macos-arm64 0.1.0 19.00 NOTE
r-release-windows-x86_64 0.1.0 4.00 48.00 52.00 NOTE
r-oldrel-macos-arm64 0.1.0 20.00 NOTE
r-oldrel-macos-x86_64 0.1.0 26.00 NOTE
r-oldrel-windows-x86_64 0.1.0 5.00 50.00 55.00 NOTE

Check Details

Version: 0.1.0
Check: LazyData
Result: NOTE 'LazyData' is specified without a 'data' directory Flavors: r-devel-linux-x86_64-debian-clang, r-devel-linux-x86_64-debian-gcc, r-devel-linux-x86_64-fedora-clang, r-devel-linux-x86_64-fedora-gcc, r-devel-windows-x86_64, r-patched-linux-x86_64, r-release-linux-x86_64, r-release-macos-arm64, r-release-windows-x86_64, r-oldrel-macos-arm64, r-oldrel-macos-x86_64, r-oldrel-windows-x86_64