Last updated on 2024-04-23 21:54:40 CEST.
Flavor | Version | Tinstall | Tcheck | Ttotal | Status | Flags |
---|---|---|---|---|---|---|
r-devel-linux-x86_64-debian-clang | 1.0.5 | 12.68 | 61.13 | 73.81 | OK | |
r-devel-linux-x86_64-debian-gcc | 1.0.5 | 9.51 | 42.08 | 51.59 | OK | |
r-devel-linux-x86_64-fedora-clang | 1.0.5 | 95.27 | OK | |||
r-devel-linux-x86_64-fedora-gcc | 1.0.5 | 89.21 | OK | |||
r-prerel-macos-arm64 | 1.0.5 | 35.00 | OK | |||
r-prerel-windows-x86_64 | 1.0.5 | 10.00 | 69.00 | 79.00 | NOTE | |
r-patched-linux-x86_64 | 1.0.5 | 14.02 | 53.68 | 67.70 | OK | |
r-release-linux-x86_64 | 1.0.5 | 9.68 | 53.96 | 63.64 | OK | |
r-release-macos-arm64 | 1.0.5 | 33.00 | OK | |||
r-release-macos-x86_64 | 1.0.5 | 53.00 | OK | |||
r-release-windows-x86_64 | 1.0.5 | 14.00 | 82.00 | 96.00 | NOTE | |
r-oldrel-macos-arm64 | 1.0.5 | 38.00 | OK | |||
r-oldrel-windows-x86_64 | 1.0.5 | 13.00 | 82.00 | 95.00 | OK |
Version: 1.0.5
Check: C++ specification
Result: NOTE
Specified C++11: please drop specification unless essential
Flavors: r-prerel-windows-x86_64, r-release-windows-x86_64