CRAN Package Check Results for Package BMRV

Last updated on 2022-11-30 20:55:09 CET.

Flavor Version Tinstall Tcheck Ttotal Status Flags
r-devel-linux-x86_64-debian-clang 1.32 26.58 40.20 66.78 OK
r-devel-linux-x86_64-debian-gcc 1.32 23.15 31.00 54.15 OK
r-devel-linux-x86_64-fedora-clang 1.32 97.63 NOTE
r-devel-linux-x86_64-fedora-gcc 1.32 95.47 NOTE
r-devel-windows-x86_64 1.32 37.00 86.00 123.00 OK
r-patched-linux-x86_64 1.32 27.36 37.17 64.53 OK
r-release-linux-x86_64 1.32 27.88 37.47 65.35 OK
r-release-macos-arm64 1.32 30.00 OK
r-release-macos-x86_64 1.32 40.00 OK
r-release-windows-x86_64 1.32 29.00 78.00 107.00 OK
r-oldrel-macos-arm64 1.32 37.00 OK
r-oldrel-macos-x86_64 1.32 52.00 OK
r-oldrel-windows-ix86+x86_64 1.32 52.00 88.00 140.00 OK

Check Details

Version: 1.32
Check: compiled code
Result: NOTE
    File ‘BMRV/libs/BMRV.so’:
     Found no calls to: ‘R_registerRoutines’, ‘R_useDynamicSymbols’
    
    It is good practice to register native routines and to disable symbol
    search.
    
    See ‘Writing portable packages’ in the ‘Writing R Extensions’ manual.
Flavors: r-devel-linux-x86_64-fedora-clang, r-devel-linux-x86_64-fedora-gcc