Last updated on 2022-05-25 11:51:00 CEST.
Flavor | Version | Tinstall | Tcheck | Ttotal | Status | Flags |
---|---|---|---|---|---|---|
r-devel-linux-x86_64-debian-clang | 1.32 | 27.22 | 46.18 | 73.40 | OK | |
r-devel-linux-x86_64-debian-gcc | 1.32 | 23.06 | 36.68 | 59.74 | OK | |
r-devel-linux-x86_64-fedora-clang | 1.32 | 91.66 | NOTE | |||
r-devel-linux-x86_64-fedora-gcc | 1.32 | 96.09 | NOTE | |||
r-devel-windows-x86_64 | 1.32 | 24.00 | 82.00 | 106.00 | OK | |
r-patched-linux-x86_64 | 1.32 | 29.31 | 45.22 | 74.53 | OK | |
r-release-linux-x86_64 | 1.32 | OK | ||||
r-release-macos-arm64 | 1.32 | 30.00 | OK | |||
r-release-macos-x86_64 | 1.32 | 40.00 | OK | |||
r-release-windows-x86_64 | 1.32 | 29.00 | 78.00 | 107.00 | OK | |
r-oldrel-macos-arm64 | 1.32 | 37.00 | OK | |||
r-oldrel-macos-x86_64 | 1.32 | 52.00 | OK | |||
r-oldrel-windows-ix86+x86_64 | 1.32 | 52.00 | 88.00 | 140.00 | OK |
Version: 1.32
Check: compiled code
Result: NOTE
File ‘BMRV/libs/BMRV.so’:
Found no calls to: ‘R_registerRoutines’, ‘R_useDynamicSymbols’
It is good practice to register native routines and to disable symbol
search.
See ‘Writing portable packages’ in the ‘Writing R Extensions’ manual.
Flavors: r-devel-linux-x86_64-fedora-clang, r-devel-linux-x86_64-fedora-gcc