CRAN Package Check Results for Package BLOQ

Last updated on 2025-04-30 12:48:58 CEST.

Flavor Version Tinstall Tcheck Ttotal Status Flags
r-devel-linux-x86_64-debian-clang 0.1-1 3.19 41.38 44.57 NOTE
r-devel-linux-x86_64-debian-gcc 0.1-1 2.40 28.05 30.45 NOTE
r-devel-linux-x86_64-fedora-clang 0.1-1 68.79 OK
r-devel-linux-x86_64-fedora-gcc 0.1-1 71.11 OK
r-devel-windows-x86_64 0.1-1 4.00 58.00 62.00 OK
r-patched-linux-x86_64 0.1-1 3.45 39.30 42.75 OK
r-release-linux-x86_64 0.1-1 2.65 38.47 41.12 OK
r-release-macos-arm64 0.1-1 27.00 OK
r-release-macos-x86_64 0.1-1 42.00 OK
r-release-windows-x86_64 0.1-1 4.00 62.00 66.00 OK
r-oldrel-macos-arm64 0.1-1 23.00 OK
r-oldrel-macos-x86_64 0.1-1 33.00 OK
r-oldrel-windows-x86_64 0.1-1 5.00 69.00 74.00 OK

Check Details

Version: 0.1-1
Check: CRAN incoming feasibility
Result: NOTE Maintainer: ‘Vahid Nassiri <vahid.nassiri@openanalytics.eu>’ The Description field contains <https://www.tandfonline.com/doi/full/10.1080/19466315.2019.1701546>). Please use permanent DOI markup for linking to publications as in <doi:prefix/suffix>. Flavors: r-devel-linux-x86_64-debian-clang, r-devel-linux-x86_64-debian-gcc