CRAN Package Check Results for Package BLCOP

Last updated on 2024-02-24 12:49:11 CET.

Flavor Version Tinstall Tcheck Ttotal Status Flags
r-devel-linux-x86_64-debian-clang 0.3.3 16.41 134.67 151.08 NOTE
r-devel-linux-x86_64-debian-gcc 0.3.3 13.06 100.62 113.68 NOTE
r-devel-linux-x86_64-fedora-clang 0.3.3 200.09 NOTE
r-devel-linux-x86_64-fedora-gcc 0.3.3 204.70 NOTE
r-devel-windows-x86_64 0.3.3 14.00 111.00 125.00 NOTE
r-patched-linux-x86_64 0.3.3 16.26 132.22 148.48 NOTE
r-release-linux-x86_64 0.3.3 15.28 132.53 147.81 NOTE
r-release-macos-arm64 0.3.3 57.00 NOTE
r-release-macos-x86_64 0.3.3 90.00 NOTE
r-release-windows-x86_64 0.3.3 21.00 136.00 157.00 NOTE
r-oldrel-macos-arm64 0.3.3 51.00 NOTE
r-oldrel-windows-x86_64 0.3.3 21.00 133.00 154.00 OK

Check Details

Version: 0.3.3
Check: Rd files
Result: NOTE checkRd: (-1) posteriorFeasibility.Rd:25: Escaped LaTeX specials: \# checkRd: (-1) sp500Returns.Rd:4: Escaped LaTeX specials: \& Flavors: r-devel-linux-x86_64-debian-clang, r-devel-linux-x86_64-debian-gcc, r-devel-linux-x86_64-fedora-clang, r-devel-linux-x86_64-fedora-gcc, r-devel-windows-x86_64, r-patched-linux-x86_64, r-release-linux-x86_64, r-release-macos-arm64, r-release-macos-x86_64, r-release-windows-x86_64

Version: 0.3.3
Check: dependencies in R code
Result: NOTE Namespaces in Imports field not imported from: ‘knitr’ ‘rmarkdown’ All declared Imports should be used. Flavors: r-devel-linux-x86_64-fedora-clang, r-devel-linux-x86_64-fedora-gcc, r-oldrel-macos-arm64