Last updated on 2025-02-01 12:48:22 CET.
Flavor | Version | Tinstall | Tcheck | Ttotal | Status | Flags |
---|---|---|---|---|---|---|
r-devel-linux-x86_64-debian-clang | 0.3.3 | 11.80 | 108.57 | 120.37 | NOTE | |
r-devel-linux-x86_64-debian-gcc | 0.3.3 | 10.11 | 78.00 | 88.11 | NOTE | |
r-devel-linux-x86_64-fedora-clang | 0.3.3 | 210.34 | NOTE | |||
r-devel-linux-x86_64-fedora-gcc | 0.3.3 | 200.50 | NOTE | |||
r-devel-windows-x86_64 | 0.3.3 | 15.00 | 116.00 | 131.00 | NOTE | |
r-patched-linux-x86_64 | 0.3.3 | 13.76 | 102.28 | 116.04 | NOTE | |
r-release-linux-x86_64 | 0.3.3 | 14.29 | 101.80 | 116.09 | NOTE | |
r-release-macos-arm64 | 0.3.3 | 60.00 | NOTE | |||
r-release-macos-x86_64 | 0.3.3 | 90.00 | NOTE | |||
r-release-windows-x86_64 | 0.3.3 | 17.00 | 112.00 | 129.00 | NOTE | |
r-oldrel-macos-arm64 | 0.3.3 | 57.00 | NOTE | |||
r-oldrel-macos-x86_64 | 0.3.3 | 90.00 | NOTE | |||
r-oldrel-windows-x86_64 | 0.3.3 | 16.00 | 137.00 | 153.00 | NOTE |
Version: 0.3.3
Check: Rd files
Result: NOTE
checkRd: (-1) posteriorFeasibility.Rd:25: Escaped LaTeX specials: \#
checkRd: (-1) sp500Returns.Rd:4: Escaped LaTeX specials: \&
Flavors: r-devel-linux-x86_64-debian-clang, r-devel-linux-x86_64-debian-gcc, r-devel-linux-x86_64-fedora-clang, r-devel-linux-x86_64-fedora-gcc, r-devel-windows-x86_64, r-patched-linux-x86_64, r-release-linux-x86_64, r-release-macos-arm64, r-release-macos-x86_64, r-release-windows-x86_64, r-oldrel-macos-arm64, r-oldrel-macos-x86_64, r-oldrel-windows-x86_64
Version: 0.3.3
Check: dependencies in R code
Result: NOTE
Namespaces in Imports field not imported from:
‘knitr’ ‘rmarkdown’
All declared Imports should be used.
Flavors: r-devel-linux-x86_64-fedora-clang, r-devel-linux-x86_64-fedora-gcc