Last updated on 2023-03-24 02:51:27 CET.
Flavor | Version | Tinstall | Tcheck | Ttotal | Status | Flags |
---|---|---|---|---|---|---|
r-devel-linux-x86_64-debian-clang | 0.3.3 | 15.74 | 127.21 | 142.95 | NOTE | |
r-devel-linux-x86_64-debian-gcc | 0.3.3 | 12.94 | 96.12 | 109.06 | NOTE | |
r-devel-linux-x86_64-fedora-clang | 0.3.3 | 180.84 | NOTE | |||
r-devel-linux-x86_64-fedora-gcc | 0.3.3 | 191.45 | NOTE | |||
r-devel-windows-x86_64 | 0.3.3 | 55.00 | 159.00 | 214.00 | NOTE | |
r-patched-linux-x86_64 | 0.3.3 | 12.84 | 117.08 | 129.92 | OK | |
r-release-linux-x86_64 | 0.3.3 | 12.45 | 116.08 | 128.53 | OK | |
r-release-macos-arm64 | 0.3.3 | 51.00 | NOTE | |||
r-release-macos-x86_64 | 0.3.3 | 76.00 | NOTE | |||
r-release-windows-x86_64 | 0.3.3 | 45.00 | 150.00 | 195.00 | OK | |
r-oldrel-macos-arm64 | 0.3.3 | 51.00 | NOTE | |||
r-oldrel-macos-x86_64 | 0.3.3 | 79.00 | NOTE | |||
r-oldrel-windows-ix86+x86_64 | 0.3.3 | 33.00 | 137.00 | 170.00 | OK |
Version: 0.3.3
Check: Rd files
Result: NOTE
checkRd: (-1) posteriorFeasibility.Rd:25: Escaped LaTeX specials: \#
checkRd: (-1) sp500Returns.Rd:4: Escaped LaTeX specials: \&
Flavors: r-devel-linux-x86_64-debian-clang, r-devel-linux-x86_64-debian-gcc, r-devel-linux-x86_64-fedora-clang, r-devel-linux-x86_64-fedora-gcc, r-devel-windows-x86_64
Version: 0.3.3
Check: dependencies in R code
Result: NOTE
Namespaces in Imports field not imported from:
‘knitr’ ‘rmarkdown’
All declared Imports should be used.
Flavors: r-devel-linux-x86_64-fedora-clang, r-devel-linux-x86_64-fedora-gcc, r-release-macos-arm64, r-release-macos-x86_64, r-oldrel-macos-arm64, r-oldrel-macos-x86_64