CRAN Package Check Results for Package BIGDAWG

Last updated on 2021-03-08 06:47:27 CET.

Flavor Version Tinstall Tcheck Ttotal Status Flags
r-devel-linux-x86_64-debian-clang 2.3.6 13.29 67.66 80.95 OK
r-devel-linux-x86_64-debian-gcc 2.3.6 10.81 51.06 61.87 OK
r-devel-linux-x86_64-fedora-clang 2.3.6 107.51 NOTE
r-devel-linux-x86_64-fedora-gcc 2.3.6 99.39 NOTE
r-devel-windows-ix86+x86_64 2.3.6 29.00 84.00 113.00 OK
r-devel-windows-x86_64-gcc10-UCRT 2.3.6 NOTE
r-patched-linux-x86_64 2.3.6 13.07 62.96 76.03 OK
r-patched-solaris-x86 2.3.6 139.50 NOTE
r-release-linux-x86_64 2.3.6 10.29 62.92 73.21 OK
r-release-macos-x86_64 2.3.6 NOTE
r-release-windows-ix86+x86_64 2.3.6 19.00 63.00 82.00 OK
r-oldrel-macos-x86_64 2.3.6 NOTE
r-oldrel-windows-ix86+x86_64 2.3.6 17.00 58.00 75.00 OK

Check Details

Version: 2.3.6
Check: dependencies in R code
Result: NOTE
    Namespace in Imports field not imported from: ‘httr’
     All declared Imports should be used.
Flavors: r-devel-linux-x86_64-fedora-clang, r-devel-linux-x86_64-fedora-gcc, r-devel-windows-x86_64-gcc10-UCRT, r-patched-solaris-x86, r-release-macos-x86_64, r-oldrel-macos-x86_64