CRAN Package Check Results for Package BIFIEsurvey

Last updated on 2024-03-02 12:48:13 CET.

Flavor Version Tinstall Tcheck Ttotal Status Flags
r-devel-linux-x86_64-debian-clang 3.5-19 175.88 160.93 336.81 OK
r-devel-linux-x86_64-debian-gcc 3.5-19 139.68 120.01 259.69 OK
r-devel-linux-x86_64-fedora-clang 3.5-19 457.56 OK
r-devel-linux-x86_64-fedora-gcc 3.5-19 487.11 OK
r-devel-windows-x86_64 3.5-19 120.00 174.00 294.00 OK
r-patched-linux-x86_64 3.5-19 181.13 155.89 337.02 OK
r-release-linux-x86_64 3.5-19 179.30 158.07 337.37 OK
r-release-macos-arm64 3.5-19 68.00 NOTE
r-release-macos-x86_64 3.5-19 85.00 NOTE
r-release-windows-x86_64 3.5-19 137.00 196.00 333.00 OK
r-oldrel-macos-arm64 3.5-19 67.00 NOTE
r-oldrel-windows-x86_64 3.5-19 164.00 187.00 351.00 OK

Check Details

Version: 3.5-19
Check: installed package size
Result: NOTE installed size is 9.6Mb sub-directories of 1Mb or more: data 1.4Mb libs 7.7Mb Flavors: r-release-macos-arm64, r-release-macos-x86_64, r-oldrel-macos-arm64