CRAN Package Check Results for Package BGVAR

Last updated on 2022-01-22 06:48:47 CET.

Flavor Version Tinstall Tcheck Ttotal Status Flags
r-devel-linux-x86_64-debian-clang 2.4.3 112.63 291.72 404.35 NOTE
r-devel-linux-x86_64-debian-gcc 2.4.3 92.70 213.17 305.87 NOTE
r-devel-linux-x86_64-fedora-clang 2.4.3 532.02 NOTE
r-devel-linux-x86_64-fedora-gcc 2.4.3 505.55 NOTE
r-devel-windows-x86_64-new-UL 2.4.3 116.00 329.00 445.00 NOTE
r-devel-windows-x86_64-new-TK 2.4.3 NOTE
r-patched-linux-x86_64 2.4.3 107.72 288.79 396.51 NOTE
r-release-linux-x86_64 2.4.3 106.60 285.56 392.16 NOTE
r-release-macos-arm64 2.4.3 NOTE
r-release-macos-x86_64 2.4.3 NOTE
r-release-windows-ix86+x86_64 2.4.3 274.00 418.00 692.00 NOTE
r-oldrel-macos-x86_64 2.4.3 NOTE
r-oldrel-windows-ix86+x86_64 2.4.3 274.00 423.00 697.00 NOTE

Check Details

Version: 2.4.3
Check: for GNU extensions in Makefiles
Result: NOTE
    GNU make is a SystemRequirements.
Flavors: r-devel-linux-x86_64-debian-clang, r-devel-linux-x86_64-debian-gcc, r-devel-linux-x86_64-fedora-clang, r-devel-linux-x86_64-fedora-gcc, r-devel-windows-x86_64-new-UL, r-devel-windows-x86_64-new-TK, r-patched-linux-x86_64, r-release-linux-x86_64, r-release-macos-arm64, r-release-macos-x86_64, r-release-windows-ix86+x86_64, r-oldrel-macos-x86_64, r-oldrel-windows-ix86+x86_64

Version: 2.4.3
Check: installed package size
Result: NOTE
     installed size is 10.0Mb
     sub-directories of 1Mb or more:
     data 1.1Mb
     doc 2.9Mb
     libs 5.5Mb
Flavors: r-devel-linux-x86_64-fedora-clang, r-devel-windows-x86_64-new-UL, r-release-macos-arm64, r-release-macos-x86_64, r-release-windows-ix86+x86_64, r-oldrel-macos-x86_64, r-oldrel-windows-ix86+x86_64

Version: 2.4.3
Check: data for non-ASCII characters
Result: NOTE
     Note: found 772 marked UTF-8 strings
Flavors: r-devel-linux-x86_64-fedora-clang, r-devel-linux-x86_64-fedora-gcc, r-devel-windows-x86_64-new-TK, r-release-macos-arm64, r-release-macos-x86_64, r-oldrel-macos-x86_64