CRAN Package Check Results for Package BGGM

Last updated on 2022-01-17 20:52:17 CET.

Flavor Version Tinstall Tcheck Ttotal Status Flags
r-devel-linux-x86_64-debian-clang 2.0.4 100.83 225.84 326.67 OK
r-devel-linux-x86_64-debian-gcc 2.0.4 67.73 167.54 235.27 OK
r-devel-linux-x86_64-fedora-clang 2.0.4 413.98 NOTE
r-devel-linux-x86_64-fedora-gcc 2.0.4 376.91 OK
r-devel-windows-x86_64-new-UL 2.0.4 353.00 315.00 668.00 NOTE
r-devel-windows-x86_64-new-TK 2.0.4 ERROR
r-patched-linux-x86_64 2.0.4 77.87 227.02 304.89 OK
r-release-linux-x86_64 2.0.4 OK
r-release-macos-arm64 2.0.4 NOTE
r-release-macos-x86_64 2.0.4 NOTE
r-release-windows-ix86+x86_64 2.0.4 200.00 360.00 560.00 NOTE
r-oldrel-macos-x86_64 2.0.4 NOTE
r-oldrel-windows-ix86+x86_64 2.0.4 187.00 363.00 550.00 NOTE

Check Details

Version: 2.0.4
Check: installed package size
Result: NOTE
     installed size is 12.2Mb
     sub-directories of 1Mb or more:
     doc 3.8Mb
     help 1.1Mb
     libs 6.6Mb
Flavors: r-devel-linux-x86_64-fedora-clang, r-devel-windows-x86_64-new-UL, r-release-macos-arm64, r-release-macos-x86_64, r-release-windows-ix86+x86_64, r-oldrel-macos-x86_64, r-oldrel-windows-ix86+x86_64

Version: 2.0.4
Check: package dependencies
Result: ERROR
    Package required but not available: 'BFpack'
    
    Package suggested but not available for checking: 'networktools'
    
    See section 'The DESCRIPTION file' in the 'Writing R Extensions'
    manual.
Flavor: r-devel-windows-x86_64-new-TK