Last updated on 2024-04-19 06:03:06 CEST.
Flavor | Version | Tinstall | Tcheck | Ttotal | Status | Flags |
---|---|---|---|---|---|---|
r-devel-linux-x86_64-debian-clang | 1.4.4 | 192.69 | 155.64 | 348.33 | OK | |
r-devel-linux-x86_64-debian-gcc | 1.4.4 | OK | ||||
r-devel-linux-x86_64-fedora-clang | 1.4.4 | 434.54 | OK | |||
r-devel-linux-x86_64-fedora-gcc | 1.4.4 | 453.35 | OK | |||
r-prerel-macos-arm64 | 1.4.4 | 99.00 | NOTE | |||
r-prerel-windows-x86_64 | 1.4.4 | 123.00 | 160.00 | 283.00 | OK | |
r-patched-linux-x86_64 | 1.4.4 | 173.96 | 145.56 | 319.52 | OK | |
r-release-linux-x86_64 | 1.4.4 | 154.37 | 148.59 | 302.96 | OK | |
r-release-macos-arm64 | 1.4.4 | 107.00 | NOTE | |||
r-release-macos-x86_64 | 1.4.4 | 159.00 | NOTE | |||
r-release-windows-x86_64 | 1.4.4 | 161.00 | 177.00 | 338.00 | OK | |
r-oldrel-macos-arm64 | 1.4.4 | 96.00 | NOTE | |||
r-oldrel-windows-x86_64 | 1.4.4 | 152.00 | 171.00 | 323.00 | OK |
Version: 1.4.4
Check: installed package size
Result: NOTE
installed size is 14.4Mb
sub-directories of 1Mb or more:
libs 13.4Mb
Flavors: r-prerel-macos-arm64, r-release-macos-arm64, r-release-macos-x86_64, r-oldrel-macos-arm64