CRAN Package Check Results for Package BED

Last updated on 2022-09-26 03:56:02 CEST.

Flavor Version Tinstall Tcheck Ttotal Status Flags
r-devel-linux-x86_64-debian-clang 1.4.8 13.66 105.12 118.78 OK
r-devel-linux-x86_64-debian-gcc 1.4.8 11.29 77.37 88.66 OK
r-devel-linux-x86_64-fedora-clang 1.4.8 158.63 NOTE
r-devel-linux-x86_64-fedora-gcc 1.4.8 150.34 OK
r-devel-windows-x86_64 1.4.8 50.00 156.00 206.00 OK
r-patched-linux-x86_64 1.4.8 12.45 96.80 109.25 OK
r-release-linux-x86_64 1.4.8 15.03 95.08 110.11 OK
r-release-macos-arm64 1.4.8 46.00 OK
r-release-macos-x86_64 1.4.8 63.00 OK
r-release-windows-x86_64 1.4.8 28.00 136.00 164.00 OK
r-oldrel-macos-arm64 1.4.8 39.00 OK
r-oldrel-macos-x86_64 1.4.8 62.00 OK
r-oldrel-windows-ix86+x86_64 1.4.8 31.00 126.00 157.00 OK

Check Details

Version: 1.4.8
Check: Rd cross-references
Result: NOTE
    Undeclared package ‘RCurl’ in Rd xrefs
Flavor: r-devel-linux-x86_64-fedora-clang