Last updated on 2023-03-28 03:53:56 CEST.
Flavor | Version | Tinstall | Tcheck | Ttotal | Status | Flags |
---|---|---|---|---|---|---|
r-devel-linux-x86_64-debian-clang | 2.4.2 | 21.25 | 279.11 | 300.36 | NOTE | |
r-devel-linux-x86_64-debian-gcc | 2.4.2 | 17.27 | 205.56 | 222.83 | NOTE | |
r-devel-linux-x86_64-fedora-clang | 2.4.2 | 399.31 | OK | |||
r-devel-linux-x86_64-fedora-gcc | 2.4.2 | 377.20 | OK | |||
r-devel-windows-x86_64 | 2.4.2 | 74.00 | 330.00 | 404.00 | NOTE | |
r-patched-linux-x86_64 | 2.4.2 | 19.33 | 265.23 | 284.56 | NOTE | |
r-release-linux-x86_64 | 2.4.2 | 17.60 | 247.74 | 265.34 | NOTE | |
r-release-macos-arm64 | 2.4.2 | 91.00 | NOTE | |||
r-release-macos-x86_64 | 2.4.2 | 146.00 | NOTE | |||
r-release-windows-x86_64 | 2.4.2 | 98.00 | 309.00 | 407.00 | NOTE | |
r-oldrel-macos-arm64 | 2.4.2 | 85.00 | NOTE | |||
r-oldrel-macos-x86_64 | 2.4.2 | 147.00 | NOTE | |||
r-oldrel-windows-ix86+x86_64 | 2.4.2 | 38.00 | 308.00 | 346.00 | OK |
Version: 2.4.2
Check: package dependencies
Result: NOTE
Package suggested but not available for checking: ‘INLA’
Flavors: r-devel-linux-x86_64-debian-clang, r-devel-linux-x86_64-debian-gcc, r-devel-windows-x86_64, r-patched-linux-x86_64, r-release-linux-x86_64, r-release-macos-arm64, r-release-macos-x86_64, r-release-windows-x86_64, r-oldrel-macos-arm64, r-oldrel-macos-x86_64