CRAN Package Check Results for Package BBmisc

Last updated on 2022-01-22 02:51:10 CET.

Flavor Version Tinstall Tcheck Ttotal Status Flags
r-devel-linux-x86_64-debian-clang 1.11 5.78 54.29 60.07 NOTE
r-devel-linux-x86_64-debian-gcc 1.11 4.00 41.97 45.97 NOTE
r-devel-linux-x86_64-fedora-clang 1.11 75.12 NOTE
r-devel-linux-x86_64-fedora-gcc 1.11 64.99 NOTE
r-devel-windows-x86_64-new-UL 1.11 103.00 89.00 192.00 NOTE
r-devel-windows-x86_64-new-TK 1.11 NOTE
r-patched-linux-x86_64 1.11 4.92 52.19 57.11 NOTE
r-release-linux-x86_64 1.11 5.90 51.37 57.27 NOTE
r-release-macos-arm64 1.11 NOTE
r-release-macos-x86_64 1.11 NOTE
r-release-windows-ix86+x86_64 1.11 16.00 88.00 104.00 NOTE
r-oldrel-macos-x86_64 1.11 OK
r-oldrel-windows-ix86+x86_64 1.11 15.00 89.00 104.00 OK

Additional issues

rchk

Check Details

Version: 1.11
Check: LazyData
Result: NOTE
     'LazyData' is specified without a 'data' directory
Flavors: r-devel-linux-x86_64-debian-clang, r-devel-linux-x86_64-debian-gcc, r-devel-linux-x86_64-fedora-clang, r-devel-linux-x86_64-fedora-gcc, r-devel-windows-x86_64-new-UL, r-devel-windows-x86_64-new-TK, r-patched-linux-x86_64, r-release-linux-x86_64, r-release-macos-arm64, r-release-macos-x86_64, r-release-windows-ix86+x86_64