CRAN Package Check Results for Package BBMM

Last updated on 2020-05-26 21:47:48 CEST.

Flavor Version Tinstall Tcheck Ttotal Status Flags
r-devel-linux-x86_64-debian-clang 3.0 2.12 25.64 27.76 NOTE
r-devel-linux-x86_64-debian-gcc 3.0 1.63 19.78 21.41 NOTE
r-devel-linux-x86_64-fedora-clang 3.0 35.73 NOTE
r-devel-linux-x86_64-fedora-gcc 3.0 33.13 NOTE
r-devel-windows-ix86+x86_64 3.0 5.00 45.00 50.00 NOTE
r-patched-linux-x86_64 3.0 1.83 25.05 26.88 NOTE
r-patched-solaris-x86 3.0 67.20 NOTE
r-release-linux-x86_64 3.0 1.88 25.18 27.06 NOTE
r-release-osx-x86_64 3.0 NOTE
r-release-windows-ix86+x86_64 3.0 5.00 33.00 38.00 NOTE
r-oldrel-osx-x86_64 3.0 NOTE
r-oldrel-windows-ix86+x86_64 3.0 4.00 49.00 53.00 NOTE

Check Details

Version: 3.0
Check: R code for possible problems
Result: NOTE
    bbmm.contour: no visible global function definition for 'na.omit'
    bbmm.contour: no visible global function definition for 'optimize'
    bbmm.contour: no visible global function definition for 'contour'
    bbmm.contour: no visible global function definition for 'points'
    bbmm.contour: no visible global function definition for 'lines'
    brownian.bridge: no visible global function definition for 'sd'
    brownian.motion.variance: no visible global function definition for
     'optimize'
    Undefined global functions or variables:
     contour lines na.omit optimize points sd
    Consider adding
     importFrom("graphics", "contour", "lines", "points")
     importFrom("stats", "na.omit", "optimize", "sd")
    to your NAMESPACE file.
Flavors: r-devel-linux-x86_64-debian-clang, r-devel-linux-x86_64-debian-gcc, r-devel-linux-x86_64-fedora-clang, r-devel-linux-x86_64-fedora-gcc, r-devel-windows-ix86+x86_64, r-patched-linux-x86_64, r-patched-solaris-x86, r-release-linux-x86_64, r-release-osx-x86_64, r-release-windows-ix86+x86_64, r-oldrel-osx-x86_64, r-oldrel-windows-ix86+x86_64