CRAN Package Check Results for Package BALLI

Last updated on 2024-02-23 20:51:12 CET.

Flavor Version Tinstall Tcheck Ttotal Status Flags
r-devel-linux-x86_64-debian-clang 0.2.0 NOTE
r-devel-linux-x86_64-debian-gcc 0.2.0 5.16 95.61 100.77 NOTE
r-devel-linux-x86_64-fedora-clang 0.2.0 163.30 NOTE
r-devel-linux-x86_64-fedora-gcc 0.2.0 179.73 NOTE
r-devel-windows-x86_64 0.2.0 6.00 110.00 116.00 NOTE
r-patched-linux-x86_64 0.2.0 7.32 124.74 132.06 NOTE
r-release-linux-x86_64 0.2.0 5.32 123.27 128.59 NOTE
r-release-macos-arm64 0.2.0 52.00 NOTE
r-release-macos-x86_64 0.2.0 100.00 NOTE
r-release-windows-x86_64 0.2.0 7.00 134.00 141.00 NOTE
r-oldrel-macos-arm64 0.2.0 44.00 NOTE
r-oldrel-windows-x86_64 0.2.0 11.00 135.00 146.00 NOTE

Check Details

Version: 0.2.0
Check: LazyData
Result: NOTE 'LazyData' is specified without a 'data' directory Flavors: r-devel-linux-x86_64-debian-clang, r-devel-linux-x86_64-debian-gcc, r-devel-linux-x86_64-fedora-clang, r-devel-linux-x86_64-fedora-gcc, r-devel-windows-x86_64, r-patched-linux-x86_64, r-release-linux-x86_64, r-release-macos-arm64, r-release-macos-x86_64, r-release-windows-x86_64, r-oldrel-macos-arm64, r-oldrel-windows-x86_64