Last updated on 2023-03-23 03:53:13 CET.
Flavor | Version | Tinstall | Tcheck | Ttotal | Status | Flags |
---|---|---|---|---|---|---|
r-devel-linux-x86_64-debian-clang | 0.2.0 | 4.48 | 126.29 | 130.77 | NOTE | |
r-devel-linux-x86_64-debian-gcc | 0.2.0 | 4.22 | 96.16 | 100.38 | NOTE | |
r-devel-linux-x86_64-fedora-clang | 0.2.0 | 163.19 | NOTE | |||
r-devel-linux-x86_64-fedora-gcc | 0.2.0 | 165.04 | NOTE | |||
r-devel-windows-x86_64 | 0.2.0 | 21.00 | 156.00 | 177.00 | NOTE | |
r-patched-linux-x86_64 | 0.2.0 | 4.96 | 122.90 | 127.86 | NOTE | |
r-release-linux-x86_64 | 0.2.0 | 4.37 | 120.66 | 125.03 | NOTE | |
r-release-macos-arm64 | 0.2.0 | 47.00 | NOTE | |||
r-release-macos-x86_64 | 0.2.0 | 65.00 | NOTE | |||
r-release-windows-x86_64 | 0.2.0 | 22.00 | 157.00 | 179.00 | NOTE | |
r-oldrel-macos-arm64 | 0.2.0 | 49.00 | NOTE | |||
r-oldrel-macos-x86_64 | 0.2.0 | 90.00 | NOTE | |||
r-oldrel-windows-ix86+x86_64 | 0.2.0 | 16.00 | 156.00 | 172.00 | NOTE |
Version: 0.2.0
Check: LazyData
Result: NOTE
'LazyData' is specified without a 'data' directory
Flavors: r-devel-linux-x86_64-debian-clang, r-devel-linux-x86_64-debian-gcc, r-devel-linux-x86_64-fedora-clang, r-devel-linux-x86_64-fedora-gcc, r-devel-windows-x86_64, r-patched-linux-x86_64, r-release-linux-x86_64, r-release-macos-arm64, r-release-macos-x86_64, r-release-windows-x86_64, r-oldrel-macos-arm64, r-oldrel-macos-x86_64, r-oldrel-windows-ix86+x86_64