CRAN Package Check Results for Package AzureQstor

Last updated on 2020-10-01 12:48:56 CEST.

Flavor Version Tinstall Tcheck Ttotal Status Flags
r-devel-linux-x86_64-debian-clang 1.0.0 3.78 28.96 32.74 OK
r-devel-linux-x86_64-debian-gcc 1.0.0 3.30 22.90 26.20 OK
r-devel-linux-x86_64-fedora-clang 1.0.0 49.21 NOTE
r-devel-linux-x86_64-fedora-gcc 1.0.0 41.83 NOTE
r-devel-windows-ix86+x86_64 1.0.0 8.00 44.00 52.00 OK
r-patched-linux-x86_64 1.0.0 4.44 28.16 32.60 OK
r-patched-solaris-x86 1.0.0 60.40 NOTE
r-release-linux-x86_64 1.0.0 3.83 27.79 31.62 OK
r-release-macos-x86_64 1.0.0 NOTE
r-release-windows-ix86+x86_64 1.0.0 8.00 46.00 54.00 OK
r-oldrel-macos-x86_64 1.0.0 NOTE
r-oldrel-windows-ix86+x86_64 1.0.0 6.00 47.00 53.00 OK

Check Details

Version: 1.0.0
Check: dependencies in R code
Result: NOTE
    Namespaces in Imports field not imported from:
     ‘httr’ ‘openssl’
     All declared Imports should be used.
Flavors: r-devel-linux-x86_64-fedora-clang, r-devel-linux-x86_64-fedora-gcc, r-patched-solaris-x86, r-release-macos-x86_64, r-oldrel-macos-x86_64