Last updated on 2024-03-29 06:56:20 CET.
Flavor | Version | Tinstall | Tcheck | Ttotal | Status | Flags |
---|---|---|---|---|---|---|
r-devel-linux-x86_64-debian-clang | 1.0-3 | 4.19 | 45.54 | 49.73 | NOTE | |
r-devel-linux-x86_64-debian-gcc | 1.0-3 | 3.13 | 34.59 | 37.72 | NOTE | |
r-devel-linux-x86_64-fedora-clang | 1.0-3 | 60.31 | NOTE | |||
r-devel-linux-x86_64-fedora-gcc | 1.0-3 | 59.53 | NOTE | |||
r-devel-windows-x86_64 | 1.0-3 | 4.00 | 53.00 | 57.00 | NOTE | |
r-patched-linux-x86_64 | 1.0-3 | 3.80 | 43.04 | 46.84 | NOTE | |
r-release-linux-x86_64 | 1.0-3 | 4.07 | 42.75 | 46.82 | OK | |
r-release-macos-arm64 | 1.0-3 | 23.00 | OK | |||
r-release-macos-x86_64 | 1.0-3 | 34.00 | OK | |||
r-release-windows-x86_64 | 1.0-3 | 4.00 | 59.00 | 63.00 | OK | |
r-oldrel-macos-arm64 | 1.0-3 | 21.00 | OK | |||
r-oldrel-windows-x86_64 | 1.0-3 | 6.00 | 61.00 | 67.00 | OK |
Version: 1.0-3
Check: Rd files
Result: NOTE
checkRd: (-1) plot.AssetPricing.Rd:199-200: Lost braces
199 | yakka. (Note that \code{flap} stands for dQuote{function list
| ^
Flavors: r-devel-linux-x86_64-debian-clang, r-devel-linux-x86_64-debian-gcc, r-devel-linux-x86_64-fedora-clang, r-devel-linux-x86_64-fedora-gcc, r-devel-windows-x86_64, r-patched-linux-x86_64