Last updated on 2025-02-04 03:49:43 CET.
Flavor | Version | Tinstall | Tcheck | Ttotal | Status | Flags |
---|---|---|---|---|---|---|
r-devel-linux-x86_64-debian-clang | 1.0 | 3.50 | 41.10 | 44.60 | NOTE | |
r-devel-linux-x86_64-debian-gcc | 1.0 | 2.63 | 32.39 | 35.02 | NOTE | |
r-devel-linux-x86_64-fedora-clang | 1.0 | 77.92 | NOTE | |||
r-devel-linux-x86_64-fedora-gcc | 1.0 | 74.42 | NOTE | |||
r-devel-windows-x86_64 | 1.0 | 6.00 | 69.00 | 75.00 | NOTE | |
r-patched-linux-x86_64 | 1.0 | 3.77 | 42.67 | 46.44 | NOTE | |
r-release-linux-x86_64 | 1.0 | 3.60 | 42.92 | 46.52 | NOTE | |
r-release-macos-arm64 | 1.0 | 29.00 | NOTE | |||
r-release-macos-x86_64 | 1.0 | 44.00 | NOTE | |||
r-release-windows-x86_64 | 1.0 | 6.00 | 66.00 | 72.00 | NOTE | |
r-oldrel-macos-arm64 | 1.0 | 27.00 | OK | |||
r-oldrel-macos-x86_64 | 1.0 | 42.00 | OK | |||
r-oldrel-windows-x86_64 | 1.0 | 8.00 | 72.00 | 80.00 | OK |
Version: 1.0
Check: Rd files
Result: NOTE
checkRd: (-1) getages.Rd:11: Lost braces; missing escapes or markup?
11 | containing the amalgamated $^{40}$Ar$^*$/$^{39}$Ar$_K$-ratios and
| ^
checkRd: (-1) getages.Rd:11: Lost braces; missing escapes or markup?
11 | containing the amalgamated $^{40}$Ar$^*$/$^{39}$Ar$_K$-ratios and
| ^
Flavors: r-devel-linux-x86_64-debian-clang, r-devel-linux-x86_64-debian-gcc, r-devel-linux-x86_64-fedora-clang, r-devel-linux-x86_64-fedora-gcc, r-devel-windows-x86_64, r-patched-linux-x86_64, r-release-linux-x86_64, r-release-macos-arm64, r-release-macos-x86_64, r-release-windows-x86_64