Last updated on 2024-04-30 21:50:00 CEST.
Flavor | Version | Tinstall | Tcheck | Ttotal | Status | Flags |
---|---|---|---|---|---|---|
r-devel-linux-x86_64-debian-clang | 1.0 | 4.32 | 53.93 | 58.25 | NOTE | |
r-devel-linux-x86_64-debian-gcc | 1.0 | 4.12 | 43.03 | 47.15 | NOTE | |
r-devel-linux-x86_64-fedora-clang | 1.0 | 73.01 | NOTE | |||
r-devel-linux-x86_64-fedora-gcc | 1.0 | 78.32 | NOTE | |||
r-devel-windows-x86_64 | 1.0 | 4.00 | 67.00 | 71.00 | NOTE | |
r-patched-linux-x86_64 | 1.0 | 4.35 | 55.46 | 59.81 | NOTE | |
r-release-linux-x86_64 | 1.0 | 4.06 | 54.63 | 58.69 | NOTE | |
r-release-macos-arm64 | 1.0 | 24.00 | NOTE | |||
r-release-windows-x86_64 | 1.0 | 6.00 | 66.00 | 72.00 | NOTE | |
r-oldrel-macos-arm64 | 1.0 | 27.00 | OK | |||
r-oldrel-macos-x86_64 | 1.0 | 42.00 | OK | |||
r-oldrel-windows-x86_64 | 1.0 | 8.00 | 72.00 | 80.00 | OK |
Version: 1.0
Check: Rd files
Result: NOTE
checkRd: (-1) getages.Rd:11: Lost braces; missing escapes or markup?
11 | containing the amalgamated $^{40}$Ar$^*$/$^{39}$Ar$_K$-ratios and
| ^
checkRd: (-1) getages.Rd:11: Lost braces; missing escapes or markup?
11 | containing the amalgamated $^{40}$Ar$^*$/$^{39}$Ar$_K$-ratios and
| ^
Flavors: r-devel-linux-x86_64-debian-clang, r-devel-linux-x86_64-debian-gcc, r-devel-linux-x86_64-fedora-clang, r-devel-linux-x86_64-fedora-gcc, r-devel-windows-x86_64, r-patched-linux-x86_64, r-release-linux-x86_64, r-release-macos-arm64, r-release-windows-x86_64