CRAN Package Check Results for Package AovBay

Last updated on 2024-06-14 02:53:52 CEST.

Flavor Version Tinstall Tcheck Ttotal Status Flags
r-devel-linux-x86_64-debian-clang 0.1.0 195.79 219.09 414.88 NOTE
r-devel-linux-x86_64-debian-gcc 0.1.0 0.34 1.64 1.98 ERROR
r-devel-linux-x86_64-fedora-clang 0.1.0 524.29 NOTE
r-devel-linux-x86_64-fedora-gcc 0.1.0 573.17 NOTE
r-devel-windows-x86_64 0.1.0 147.00 176.00 323.00 NOTE
r-patched-linux-x86_64 0.1.0 183.63 223.69 407.32 NOTE
r-release-linux-x86_64 0.1.0 182.47 222.40 404.87 NOTE
r-release-macos-arm64 0.1.0 117.00 NOTE
r-release-macos-x86_64 0.1.0 173.00 NOTE
r-release-windows-x86_64 0.1.0 141.00 192.00 333.00 NOTE
r-oldrel-macos-arm64 0.1.0 126.00 NOTE
r-oldrel-macos-x86_64 0.1.0 200.00 NOTE
r-oldrel-windows-x86_64 0.1.0 180.00 230.00 410.00 NOTE

Check Details

Version: 0.1.0
Check: for GNU extensions in Makefiles
Result: NOTE GNU make is a SystemRequirements. Flavors: r-devel-linux-x86_64-debian-clang, r-devel-linux-x86_64-fedora-clang, r-devel-linux-x86_64-fedora-gcc, r-devel-windows-x86_64, r-patched-linux-x86_64, r-release-linux-x86_64, r-release-macos-arm64, r-release-macos-x86_64, r-release-windows-x86_64, r-oldrel-macos-arm64, r-oldrel-macos-x86_64, r-oldrel-windows-x86_64

Version: 0.1.0
Check: package dependencies
Result: ERROR Packages required but not available: 'rstan', 'dplyr', 'tibble', 'BayesFactor', 'broom', 'car', 'highcharter', 'purrr', 'stringr' See section ‘The DESCRIPTION file’ in the ‘Writing R Extensions’ manual. Flavor: r-devel-linux-x86_64-debian-gcc

Version: 0.1.0
Check: package dependencies
Result: NOTE Imports includes 22 non-default packages. Importing from so many packages makes the package vulnerable to any of them becoming unavailable. Move as many as possible to Suggests and use conditionally. Flavor: r-devel-linux-x86_64-fedora-clang

Version: 0.1.0
Check: dependencies in R code
Result: NOTE Namespace in Imports field not imported from: ‘RcppParallel’ All declared Imports should be used. Flavors: r-devel-linux-x86_64-fedora-clang, r-devel-linux-x86_64-fedora-gcc

Version: 0.1.0
Check: installed package size
Result: NOTE installed size is 40.3Mb sub-directories of 1Mb or more: libs 40.1Mb Flavors: r-release-macos-arm64, r-release-macos-x86_64, r-oldrel-macos-arm64, r-oldrel-macos-x86_64