Last updated on 2022-06-26 03:49:54 CEST.
Flavor | Version | Tinstall | Tcheck | Ttotal | Status | Flags |
---|---|---|---|---|---|---|
r-devel-linux-x86_64-debian-clang | 1.1.0 | 71.49 | 343.24 | 414.73 | OK | |
r-devel-linux-x86_64-debian-gcc | 1.1.0 | 62.04 | 303.92 | 365.96 | OK | |
r-devel-linux-x86_64-fedora-clang | 1.1.0 | 484.35 | NOTE | |||
r-devel-linux-x86_64-fedora-gcc | 1.1.0 | 503.68 | NOTE | |||
r-devel-windows-x86_64 | 1.1.0 | 93.00 | 366.00 | 459.00 | OK | |
r-patched-linux-x86_64 | 1.1.0 | 50.82 | 335.33 | 386.15 | OK | |
r-release-linux-x86_64 | 1.1.0 | 50.08 | 355.84 | 405.92 | OK | |
r-release-macos-arm64 | 1.1.0 | 119.00 | NOTE | |||
r-release-macos-x86_64 | 1.1.0 | 203.00 | NOTE | |||
r-release-windows-x86_64 | 1.1.0 | 91.00 | 371.00 | 462.00 | OK | |
r-oldrel-macos-arm64 | 1.1.0 | 136.00 | NOTE | |||
r-oldrel-macos-x86_64 | 1.1.0 | 148.00 | NOTE | |||
r-oldrel-windows-ix86+x86_64 | 1.1.0 | 173.00 | 683.00 | 856.00 | OK |
Version: 1.1.0
Check: dependencies in R code
Result: NOTE
Namespaces in Imports field not imported from:
‘Rdpack’ ‘mcclust’
All declared Imports should be used.
Flavors: r-devel-linux-x86_64-fedora-clang, r-devel-linux-x86_64-fedora-gcc, r-release-macos-arm64, r-release-macos-x86_64, r-oldrel-macos-arm64, r-oldrel-macos-x86_64
Version: 1.1.0
Check: installed package size
Result: NOTE
installed size is 5.7Mb
sub-directories of 1Mb or more:
libs 5.4Mb
Flavors: r-release-macos-arm64, r-release-macos-x86_64, r-oldrel-macos-arm64, r-oldrel-macos-x86_64