CRAN Package Check Results for Package AnnoProbe

Last updated on 2022-01-28 21:51:44 CET.

Flavor Version Tinstall Tcheck Ttotal Status Flags
r-devel-linux-x86_64-debian-clang 0.1.6 15.80 91.77 107.57 OK
r-devel-linux-x86_64-debian-gcc 0.1.6 14.11 68.08 82.19 OK
r-devel-linux-x86_64-fedora-clang 0.1.6 122.42 OK
r-devel-linux-x86_64-fedora-gcc 0.1.6 110.75 OK
r-devel-windows-x86_64-new-UL 0.1.6 49.00 108.00 157.00 OK
r-devel-windows-x86_64-new-TK 0.1.6 ERROR
r-patched-linux-x86_64 0.1.6 15.51 79.26 94.77 OK
r-release-linux-x86_64 0.1.6 14.49 79.25 93.74 OK
r-release-macos-arm64 0.1.6 NOTE
r-release-macos-x86_64 0.1.6 OK
r-release-windows-ix86+x86_64 0.1.6 28.00 93.00 121.00 OK
r-oldrel-macos-x86_64 0.1.6 OK
r-oldrel-windows-ix86+x86_64 0.1.6 33.00 101.00 134.00 OK

Check Details

Version: 0.1.6
Check: package dependencies
Result: ERROR
    Package required but not available: 'ggpubr'
    
    See section 'The DESCRIPTION file' in the 'Writing R Extensions'
    manual.
Flavor: r-devel-windows-x86_64-new-TK

Version: 0.1.6
Check: package dependencies
Result: NOTE
    Package suggested but not available for checking: ‘GEOquery’
Flavor: r-release-macos-arm64