CRAN Package Check Results for Package Amelia

Last updated on 2020-08-12 21:49:30 CEST.

Flavor Version Tinstall Tcheck Ttotal Status Flags
r-devel-linux-x86_64-debian-clang 1.7.6 46.67 71.39 118.06 NOTE
r-devel-linux-x86_64-debian-gcc 1.7.6 31.66 54.82 86.48 NOTE
r-devel-linux-x86_64-fedora-clang 1.7.6 157.05 NOTE
r-devel-linux-x86_64-fedora-gcc 1.7.6 137.13 NOTE
r-devel-windows-ix86+x86_64 1.7.6 93.00 148.00 241.00 OK
r-patched-linux-x86_64 1.7.6 32.31 70.44 102.75 NOTE
r-patched-solaris-x86 1.7.6 161.00 NOTE
r-release-linux-x86_64 1.7.6 33.22 70.87 104.09 NOTE
r-release-macos-x86_64 1.7.6 NOTE
r-release-windows-ix86+x86_64 1.7.6 92.00 113.00 205.00 OK
r-oldrel-macos-x86_64 1.7.6 NOTE
r-oldrel-windows-ix86+x86_64 1.7.6 62.00 140.00 202.00 OK

Check Details

Version: 1.7.6
Check: package dependencies
Result: NOTE
    Package suggested but not available for checking: 'Zelig'
Flavors: r-devel-linux-x86_64-debian-clang, r-devel-linux-x86_64-debian-gcc, r-devel-linux-x86_64-fedora-clang, r-devel-linux-x86_64-fedora-gcc, r-patched-linux-x86_64, r-patched-solaris-x86, r-release-linux-x86_64, r-release-macos-x86_64

Version: 1.7.6
Check: installed package size
Result: NOTE
     installed size is 5.2Mb
     sub-directories of 1Mb or more:
     libs 3.8Mb
Flavors: r-release-macos-x86_64, r-oldrel-macos-x86_64

Version: 1.7.6
Check: dependencies in R code
Result: NOTE
    No protocol specified
    No protocol specified
Flavor: r-oldrel-macos-x86_64