Last updated on 2023-09-29 12:56:51 CEST.
Flavor | Version | Tinstall | Tcheck | Ttotal | Status | Flags |
---|---|---|---|---|---|---|
r-devel-linux-x86_64-debian-clang | 1.8.1 | 39.64 | 81.94 | 121.58 | NOTE | |
r-devel-linux-x86_64-debian-gcc | 1.8.1 | 35.13 | 61.34 | 96.47 | NOTE | |
r-devel-linux-x86_64-fedora-clang | 1.8.1 | 168.87 | NOTE | |||
r-devel-linux-x86_64-fedora-gcc | 1.8.1 | 180.70 | NOTE | |||
r-devel-windows-x86_64 | 1.8.1 | 35.00 | 98.00 | 133.00 | NOTE | |
r-patched-linux-x86_64 | 1.8.1 | 46.28 | 80.26 | 126.54 | NOTE | |
r-release-linux-x86_64 | 1.8.1 | 40.40 | 79.74 | 120.14 | NOTE | |
r-release-macos-arm64 | 1.8.1 | 57.00 | NOTE | |||
r-release-macos-x86_64 | 1.8.1 | 96.00 | NOTE | |||
r-release-windows-x86_64 | 1.8.1 | 51.00 | 112.00 | 163.00 | NOTE | |
r-oldrel-macos-arm64 | 1.8.1 | 48.00 | NOTE | |||
r-oldrel-macos-x86_64 | 1.8.1 | 91.00 | NOTE | |||
r-oldrel-windows-x86_64 | 1.8.1 | 47.00 | 115.00 | 162.00 | OK |
Version: 1.8.1
Check: C++ specification
Result: NOTE
Specified C++11: please drop specification unless essential
Flavors: r-devel-linux-x86_64-debian-clang, r-devel-linux-x86_64-debian-gcc, r-devel-linux-x86_64-fedora-clang, r-devel-linux-x86_64-fedora-gcc, r-devel-windows-x86_64, r-patched-linux-x86_64, r-release-linux-x86_64, r-release-macos-arm64, r-release-macos-x86_64, r-release-windows-x86_64
Version: 1.8.1
Check: Rd metadata
Result: NOTE
Invalid package aliases in Rd file 'amelia.package.Rd':
‘amelia-package’
Flavors: r-devel-linux-x86_64-debian-clang, r-devel-linux-x86_64-debian-gcc, r-devel-linux-x86_64-fedora-clang, r-devel-linux-x86_64-fedora-gcc, r-devel-windows-x86_64
Version: 1.8.1
Check: installed package size
Result: NOTE
installed size is 6.0Mb
sub-directories of 1Mb or more:
doc 1.4Mb
libs 3.9Mb
Flavors: r-release-macos-arm64, r-release-macos-x86_64, r-oldrel-macos-arm64, r-oldrel-macos-x86_64