CRAN Package Check Results for Package AlgDesign

Last updated on 2022-09-28 12:55:11 CEST.

Flavor Version Tinstall Tcheck Ttotal Status Flags
r-devel-linux-x86_64-debian-clang 1.2.1 12.49 42.41 54.90 OK
r-devel-linux-x86_64-debian-gcc 1.2.1 6.02 32.76 38.78 OK
r-devel-linux-x86_64-fedora-clang 1.2.1 88.89 NOTE
r-devel-linux-x86_64-fedora-gcc 1.2.1 74.84 NOTE
r-devel-windows-x86_64 1.2.1 24.00 89.00 113.00 OK
r-patched-linux-x86_64 1.2.1 7.64 40.07 47.71 OK
r-release-linux-x86_64 1.2.1 6.35 39.85 46.20 OK
r-release-macos-arm64 1.2.1 29.00 OK
r-release-macos-x86_64 1.2.1 42.00 OK
r-release-windows-x86_64 1.2.1 36.00 78.00 114.00 OK
r-oldrel-macos-arm64 1.2.1 27.00 OK
r-oldrel-macos-x86_64 1.2.1 43.00 OK
r-oldrel-windows-ix86+x86_64 1.2.1 23.00 67.00 90.00 OK

Check Details

Version: 1.2.1
Check: compiled code
Result: NOTE
    File ‘AlgDesign/libs/AlgDesign.so’:
     Found no calls to: ‘R_registerRoutines’, ‘R_useDynamicSymbols’
    
    It is good practice to register native routines and to disable symbol
    search.
    
    See ‘Writing portable packages’ in the ‘Writing R Extensions’ manual.
Flavors: r-devel-linux-x86_64-fedora-clang, r-devel-linux-x86_64-fedora-gcc