Last updated on 2023-12-08 12:52:10 CET.
Flavor | Version | Tinstall | Tcheck | Ttotal | Status | Flags |
---|---|---|---|---|---|---|
r-devel-linux-x86_64-debian-clang | 1.5.6 | 24.18 | 54.38 | 78.56 | NOTE | |
r-devel-linux-x86_64-debian-gcc | 1.5.6 | 12.87 | 42.27 | 55.14 | NOTE | |
r-devel-linux-x86_64-fedora-clang | 1.5.6 | 112.94 | NOTE | |||
r-devel-linux-x86_64-fedora-gcc | 1.5.6 | 114.37 | NOTE | |||
r-devel-windows-x86_64 | 1.5.6 | 21.00 | 84.00 | 105.00 | NOTE | |
r-patched-linux-x86_64 | 1.5.6 | 16.68 | 54.11 | 70.79 | OK | |
r-release-linux-x86_64 | 1.5.6 | 13.23 | 52.59 | 65.82 | OK | |
r-release-macos-arm64 | 1.5.6 | 40.00 | OK | |||
r-release-macos-x86_64 | 1.5.6 | 55.00 | OK | |||
r-release-windows-x86_64 | 1.5.6 | 28.00 | 94.00 | 122.00 | OK | |
r-oldrel-macos-arm64 | 1.5.6 | 30.00 | OK | |||
r-oldrel-macos-x86_64 | 1.5.6 | 64.00 | OK | |||
r-oldrel-windows-x86_64 | 1.5.6 | 25.00 | 115.00 | 140.00 | OK |
Version: 1.5.6
Check: Rd metadata
Result: NOTE
Invalid package aliases in Rd file 'AdaptGauss-package.Rd':
‘MultiModal-package’
Flavors: r-devel-linux-x86_64-debian-clang, r-devel-linux-x86_64-debian-gcc, r-devel-linux-x86_64-fedora-clang, r-devel-linux-x86_64-fedora-gcc, r-devel-windows-x86_64