CRAN Package Check Results for Package ActFrag

Last updated on 2023-02-02 21:49:53 CET.

Flavor Version Tinstall Tcheck Ttotal Status Flags
r-devel-linux-x86_64-debian-clang 0.1.1 13.68 128.60 142.28 NOTE
r-devel-linux-x86_64-debian-gcc 0.1.1 11.97 95.34 107.31 NOTE
r-devel-linux-x86_64-fedora-clang 0.1.1 176.02 NOTE
r-devel-linux-x86_64-fedora-gcc 0.1.1 200.79 NOTE
r-devel-windows-x86_64 0.1.1 21.00 153.00 174.00 NOTE
r-patched-linux-x86_64 0.1.1 10.09 123.08 133.17 OK
r-release-linux-x86_64 0.1.1 13.29 126.29 139.58 OK
r-release-macos-arm64 0.1.1 49.00 NOTE
r-release-macos-x86_64 0.1.1 83.00 NOTE
r-release-windows-x86_64 0.1.1 22.00 160.00 182.00 OK
r-oldrel-macos-arm64 0.1.1 62.00 NOTE
r-oldrel-macos-x86_64 0.1.1 88.00 NOTE
r-oldrel-windows-ix86+x86_64 0.1.1 33.00 167.00 200.00 OK

Check Details

Version: 0.1.1
Check: package subdirectories
Result: NOTE
    Problems with news in ‘NEWS.md’:
    No news entries found.
Flavors: r-devel-linux-x86_64-debian-clang, r-devel-linux-x86_64-debian-gcc, r-devel-linux-x86_64-fedora-clang, r-devel-linux-x86_64-fedora-gcc, r-devel-windows-x86_64

Version: 0.1.1
Check: dependencies in R code
Result: NOTE
    Namespace in Imports field not imported from: ‘tidyr’
     All declared Imports should be used.
Flavors: r-devel-linux-x86_64-fedora-clang, r-devel-linux-x86_64-fedora-gcc, r-release-macos-arm64, r-release-macos-x86_64, r-oldrel-macos-arm64, r-oldrel-macos-x86_64