Last updated on 2023-02-02 11:53:51 CET.
Flavor | Version | Tinstall | Tcheck | Ttotal | Status | Flags |
---|---|---|---|---|---|---|
r-devel-linux-x86_64-debian-clang | 0.3.0 | 13.71 | 125.74 | 139.45 | NOTE | |
r-devel-linux-x86_64-debian-gcc | 0.3.0 | 11.33 | 90.98 | 102.31 | NOTE | |
r-devel-linux-x86_64-fedora-clang | 0.3.0 | 170.68 | NOTE | |||
r-devel-linux-x86_64-fedora-gcc | 0.3.0 | 175.28 | NOTE | |||
r-devel-windows-x86_64 | 0.3.0 | 23.00 | 150.00 | 173.00 | NOTE | |
r-patched-linux-x86_64 | 0.3.0 | 12.75 | 118.66 | 131.41 | OK | |
r-release-linux-x86_64 | 0.3.0 | 13.07 | 121.81 | 134.88 | OK | |
r-release-macos-arm64 | 0.3.0 | 52.00 | OK | |||
r-release-macos-x86_64 | 0.3.0 | 69.00 | OK | |||
r-release-windows-x86_64 | 0.3.0 | 33.00 | 163.00 | 196.00 | OK | |
r-oldrel-macos-arm64 | 0.3.0 | 46.00 | OK | |||
r-oldrel-macos-x86_64 | 0.3.0 | 68.00 | OK | |||
r-oldrel-windows-ix86+x86_64 | 0.3.0 | 32.00 | 163.00 | 195.00 | OK |
Version: 0.3.0
Check: package subdirectories
Result: NOTE
Problems with news in ‘NEWS.md’:
No news entries found.
Flavors: r-devel-linux-x86_64-debian-clang, r-devel-linux-x86_64-debian-gcc, r-devel-linux-x86_64-fedora-clang, r-devel-linux-x86_64-fedora-gcc, r-devel-windows-x86_64