CRAN Package Check Results for Package ARTool

Last updated on 2024-07-22 03:49:11 CEST.

Flavor Version Tinstall Tcheck Ttotal Status Flags
r-devel-linux-x86_64-debian-clang 0.11.1 11.76 146.26 158.02 OK
r-devel-linux-x86_64-debian-gcc 0.11.1 8.81 122.26 131.07 NOTE
r-devel-linux-x86_64-fedora-clang 0.11.1 237.91 OK
r-devel-linux-x86_64-fedora-gcc 0.11.1 232.31 OK
r-devel-windows-x86_64 0.11.1 12.00 135.00 147.00 NOTE
r-patched-linux-x86_64 0.11.1 17.52 146.75 164.27 OK
r-release-linux-x86_64 0.11.1 8.18 156.64 164.82 OK
r-release-macos-arm64 0.11.1 68.00 OK
r-release-macos-x86_64 0.11.1 103.00 OK
r-release-windows-x86_64 0.11.1 12.00 137.00 149.00 OK
r-oldrel-macos-arm64 0.11.1 77.00 OK
r-oldrel-macos-x86_64 0.11.1 119.00 OK
r-oldrel-windows-x86_64 0.11.1 15.00 167.00 182.00 OK

Check Details

Version: 0.11.1
Check: Rd cross-references
Result: NOTE Found the following Rd file(s) with Rd \link{} targets missing package anchors: anova.art.Rd: Anova art.Rd: lmer art.con.Rd: contrast, summary.emmGrid, lmer, emmeans artlm.Rd: lmer, merMod artlm.con.Rd: lmer, merMod Please provide package anchors for all Rd \link{} targets not in the package itself and the base packages. Flavors: r-devel-linux-x86_64-debian-gcc, r-devel-windows-x86_64