Last updated on 2023-12-11 06:48:15 CET.
Flavor | Version | Tinstall | Tcheck | Ttotal | Status | Flags |
---|---|---|---|---|---|---|
r-devel-linux-x86_64-debian-clang | 6.8.8 | 7.62 | 77.76 | 85.38 | NOTE | |
r-devel-linux-x86_64-debian-gcc | 6.8.8 | 7.29 | 62.64 | 69.93 | NOTE | |
r-devel-linux-x86_64-fedora-clang | 6.8.8 | 114.35 | NOTE | |||
r-devel-linux-x86_64-fedora-gcc | 6.8.8 | 108.86 | NOTE | |||
r-devel-windows-x86_64 | 6.8.8 | 8.00 | 77.00 | 85.00 | OK | |
r-patched-linux-x86_64 | 6.8.8 | 10.34 | 82.33 | 92.67 | NOTE | |
r-release-linux-x86_64 | 6.8.8 | 7.80 | 81.49 | 89.29 | NOTE | |
r-release-macos-arm64 | 6.8.8 | 34.00 | OK | |||
r-release-macos-x86_64 | 6.8.8 | 59.00 | OK | |||
r-release-windows-x86_64 | 6.8.8 | 11.00 | 90.00 | 101.00 | OK | |
r-oldrel-macos-arm64 | 6.8.8 | 34.00 | OK | |||
r-oldrel-macos-x86_64 | 6.8.8 | 48.00 | OK | |||
r-oldrel-windows-x86_64 | 6.8.8 | 11.00 | 91.00 | 102.00 | OK |
Version: 6.8.8
Check: for non-standard things in the check directory
Result: NOTE
Found the following files/directories:
‘APBinary_PPV.csv’ ‘APBinary_TPF.csv’
‘APBinary_ap_summary(method=perturbation,B=1500).csv’
‘APBinary_auc_summary(method=perturbation,B=1500).csv’
‘APSurv_PPV.csv’ ‘APSurv_TPF.csv’
‘APSurv_ap_summary(method=bootstrap,B=500).csv’
‘APSurv_auc_summary(method=bootstrap,B=500).csv’
‘CompareAP_Binary_dap_summary(method=none).csv’
‘CompareAP_Survival_dap_summary(method=bootstrap,B=500).csv’
Flavors: r-devel-linux-x86_64-debian-clang, r-devel-linux-x86_64-debian-gcc, r-devel-linux-x86_64-fedora-clang, r-devel-linux-x86_64-fedora-gcc, r-patched-linux-x86_64, r-release-linux-x86_64