Last updated on 2025-01-21 12:49:28 CET.
Flavor | Version | Tinstall | Tcheck | Ttotal | Status | Flags |
---|---|---|---|---|---|---|
r-devel-linux-x86_64-debian-clang | 0.3.6 | 7.04 | 83.77 | 90.81 | OK | |
r-devel-linux-x86_64-debian-gcc | 0.3.6 | 5.87 | 55.74 | 61.61 | OK | |
r-devel-linux-x86_64-fedora-clang | 0.3.6 | 142.78 | NOTE | |||
r-devel-linux-x86_64-fedora-gcc | 0.3.6 | 146.92 | NOTE | |||
r-devel-windows-x86_64 | 0.3.6 | 10.00 | 112.00 | 122.00 | OK | |
r-patched-linux-x86_64 | 0.3.6 | 7.14 | 74.61 | 81.75 | OK | |
r-release-linux-x86_64 | 0.3.6 | 8.35 | 74.91 | 83.26 | OK | |
r-release-macos-arm64 | 0.3.6 | 51.00 | OK | |||
r-release-macos-x86_64 | 0.3.6 | 94.00 | OK | |||
r-release-windows-x86_64 | 0.3.6 | 10.00 | 94.00 | 104.00 | OK | |
r-oldrel-macos-arm64 | 0.3.6 | 58.00 | OK | |||
r-oldrel-macos-x86_64 | 0.3.6 | 99.00 | OK | |||
r-oldrel-windows-x86_64 | 0.3.6 | 13.00 | 109.00 | 122.00 | OK |
Version: 0.3.6
Check: dependencies in R code
Result: NOTE
Namespaces in Imports field not imported from:
‘mFilter’ ‘regclass’ ‘writexl’
All declared Imports should be used.
Flavors: r-devel-linux-x86_64-fedora-clang, r-devel-linux-x86_64-fedora-gcc