CRAN Package Check Results for Package ADMMsigma

Last updated on 2022-01-21 11:51:53 CET.

Flavor Version Tinstall Tcheck Ttotal Status Flags
r-devel-linux-x86_64-debian-clang 2.1 75.26 89.14 164.40 NOTE
r-devel-linux-x86_64-debian-gcc 2.1 55.51 66.11 121.62 NOTE
r-devel-linux-x86_64-fedora-clang 2.1 226.55 NOTE
r-devel-linux-x86_64-fedora-gcc 2.1 219.95 NOTE
r-devel-windows-x86_64-new-UL 2.1 334.00 160.00 494.00 NOTE
r-devel-windows-x86_64-new-TK 2.1 NOTE
r-patched-linux-x86_64 2.1 68.86 71.48 140.34 NOTE
r-release-linux-x86_64 2.1 69.58 65.40 134.98 NOTE
r-release-macos-arm64 2.1 NOTE
r-release-macos-x86_64 2.1 NOTE
r-release-windows-ix86+x86_64 2.1 192.00 142.00 334.00 NOTE
r-oldrel-macos-x86_64 2.1 OK
r-oldrel-windows-ix86+x86_64 2.1 192.00 142.00 334.00 OK

Check Details

Version: 2.1
Check: LazyData
Result: NOTE
     'LazyData' is specified without a 'data' directory
Flavors: r-devel-linux-x86_64-debian-clang, r-devel-linux-x86_64-debian-gcc, r-devel-linux-x86_64-fedora-clang, r-devel-linux-x86_64-fedora-gcc, r-devel-windows-x86_64-new-UL, r-devel-windows-x86_64-new-TK, r-patched-linux-x86_64, r-release-linux-x86_64, r-release-macos-arm64, r-release-macos-x86_64, r-release-windows-ix86+x86_64

Version: 2.1
Check: installed package size
Result: NOTE
     installed size is 5.0Mb
     sub-directories of 1Mb or more:
     libs 4.0Mb
Flavor: r-release-macos-arm64