Last updated on 2024-03-29 04:05:45 CET.
Flavor | Version | Tinstall | Tcheck | Ttotal | Status | Flags |
---|---|---|---|---|---|---|
r-devel-linux-x86_64-debian-clang | 2.1 | 79.26 | 65.96 | 145.22 | NOTE | |
r-devel-linux-x86_64-debian-gcc | 2.1 | 69.61 | 48.96 | 118.57 | NOTE | |
r-devel-linux-x86_64-fedora-clang | 2.1 | 219.63 | NOTE | |||
r-devel-linux-x86_64-fedora-gcc | 2.1 | 240.53 | NOTE | |||
r-devel-windows-x86_64 | 2.1 | 69.00 | 108.00 | 177.00 | NOTE | |
r-patched-linux-x86_64 | 2.1 | 92.81 | 61.72 | 154.53 | NOTE | |
r-release-linux-x86_64 | 2.1 | 87.75 | 61.60 | 149.35 | NOTE | |
r-release-macos-arm64 | 2.1 | 69.00 | NOTE | |||
r-release-macos-x86_64 | 2.1 | 114.00 | NOTE | |||
r-release-windows-x86_64 | 2.1 | 84.00 | 111.00 | 195.00 | NOTE | |
r-oldrel-macos-arm64 | 2.1 | 71.00 | NOTE | |||
r-oldrel-windows-x86_64 | 2.1 | 79.00 | 110.00 | 189.00 | NOTE |
Version: 2.1
Check: LazyData
Result: NOTE
'LazyData' is specified without a 'data' directory
Flavors: r-devel-linux-x86_64-debian-clang, r-devel-linux-x86_64-debian-gcc, r-devel-linux-x86_64-fedora-clang, r-devel-linux-x86_64-fedora-gcc, r-devel-windows-x86_64, r-patched-linux-x86_64, r-release-linux-x86_64, r-release-macos-arm64, r-release-macos-x86_64, r-release-windows-x86_64, r-oldrel-macos-arm64, r-oldrel-windows-x86_64