CRAN Package Check Results for Package ACEt

Last updated on 2025-01-20 12:56:16 CET.

Flavor Version Tinstall Tcheck Ttotal Status Flags
r-devel-linux-x86_64-debian-clang 1.9.0 85.41 217.32 302.73 OK
r-devel-linux-x86_64-debian-gcc 1.9.0 58.00 119.12 177.12 OK
r-devel-linux-x86_64-fedora-clang 1.9.0 515.67 OK
r-devel-linux-x86_64-fedora-gcc 1.9.0 535.43 OK
r-devel-windows-x86_64 1.9.0 76.00 289.00 365.00 OK
r-patched-linux-x86_64 1.9.0 88.97 193.82 282.79 OK
r-release-linux-x86_64 1.9.0 85.07 195.06 280.13 OK
r-release-macos-arm64 1.9.0 111.00 NOTE
r-release-macos-x86_64 1.9.0 193.00 NOTE
r-release-windows-x86_64 1.9.0 82.00 308.00 390.00 OK
r-oldrel-macos-arm64 1.9.0 116.00 NOTE
r-oldrel-macos-x86_64 1.9.0 358.00 NOTE
r-oldrel-windows-x86_64 1.9.0 87.00 428.00 515.00 OK

Check Details

Version: 1.9.0
Check: installed package size
Result: NOTE installed size is 7.5Mb sub-directories of 1Mb or more: doc 1.7Mb libs 5.5Mb Flavors: r-release-macos-arm64, r-release-macos-x86_64, r-oldrel-macos-arm64, r-oldrel-macos-x86_64