Last updated on 2023-04-02 12:55:35 CEST.
Flavor | Version | Tinstall | Tcheck | Ttotal | Status | Flags |
---|---|---|---|---|---|---|
r-devel-linux-x86_64-debian-clang | 1.0.1 | 6.22 | 65.87 | 72.09 | NOTE | |
r-devel-linux-x86_64-debian-gcc | 1.0.1 | 4.45 | 48.04 | 52.49 | NOTE | |
r-devel-linux-x86_64-fedora-clang | 1.0.1 | 95.14 | NOTE | |||
r-devel-linux-x86_64-fedora-gcc | 1.0.1 | 94.48 | NOTE | |||
r-devel-windows-x86_64 | 1.0.1 | 9.00 | 106.00 | 115.00 | NOTE | |
r-patched-linux-x86_64 | 1.0.1 | 6.00 | 61.71 | 67.71 | NOTE | |
r-release-linux-x86_64 | 1.0.1 | 5.90 | 63.68 | 69.58 | NOTE | |
r-release-macos-arm64 | 1.0.1 | 30.00 | NOTE | |||
r-release-macos-x86_64 | 1.0.1 | 63.00 | NOTE | |||
r-release-windows-x86_64 | 1.0.1 | 29.00 | 133.00 | 162.00 | NOTE | |
r-oldrel-macos-arm64 | 1.0.1 | 38.00 | NOTE | |||
r-oldrel-macos-x86_64 | 1.0.1 | 72.00 | NOTE | |||
r-oldrel-windows-ix86+x86_64 | 1.0.1 | 13.00 | 114.00 | 127.00 | NOTE |
Version: 1.0.1
Check: LazyData
Result: NOTE
'LazyData' is specified without a 'data' directory
Flavors: r-devel-linux-x86_64-debian-clang, r-devel-linux-x86_64-debian-gcc, r-devel-linux-x86_64-fedora-clang, r-devel-linux-x86_64-fedora-gcc, r-devel-windows-x86_64, r-patched-linux-x86_64, r-release-linux-x86_64, r-release-macos-arm64, r-release-macos-x86_64, r-release-windows-x86_64, r-oldrel-macos-arm64, r-oldrel-macos-x86_64, r-oldrel-windows-ix86+x86_64