Last updated on 2024-05-23 12:48:45 CEST.
Flavor | Version | Tinstall | Tcheck | Ttotal | Status | Flags |
---|---|---|---|---|---|---|
r-devel-linux-x86_64-debian-clang | 1.0.2 | 590.37 | 291.58 | 881.95 | OK | |
r-devel-linux-x86_64-debian-gcc | 1.0.2 | 478.39 | 212.31 | 690.70 | OK | |
r-devel-linux-x86_64-fedora-clang | 1.0.2 | 1007.84 | NOTE | |||
r-devel-linux-x86_64-fedora-gcc | 1.0.2 | 1467.64 | OK | |||
r-devel-windows-x86_64 | 1.0.2 | 389.00 | 292.00 | 681.00 | NOTE | |
r-patched-linux-x86_64 | 1.0.2 | 409.66 | 281.77 | 691.43 | OK | |
r-release-linux-x86_64 | 1.0.2 | 458.53 | 272.53 | 731.06 | OK | |
r-release-macos-arm64 | 1.0.2 | 346.00 | NOTE | |||
r-release-macos-x86_64 | 1.0.2 | 589.00 | NOTE | |||
r-release-windows-x86_64 | 1.0.2 | 391.00 | 280.00 | 671.00 | NOTE | |
r-oldrel-macos-arm64 | 1.0.2 | 328.00 | NOTE | |||
r-oldrel-macos-x86_64 | 1.0.2 | 574.00 | NOTE | |||
r-oldrel-windows-x86_64 | 1.0.2 | 509.00 | 367.00 | 876.00 | NOTE |
Version: 1.0.2
Check: installed package size
Result: NOTE
installed size is 12.2Mb
sub-directories of 1Mb or more:
libs 11.1Mb
Flavors: r-devel-linux-x86_64-fedora-clang, r-devel-windows-x86_64, r-release-macos-arm64, r-release-macos-x86_64, r-release-windows-x86_64, r-oldrel-macos-arm64, r-oldrel-macos-x86_64, r-oldrel-windows-x86_64