Last updated on 2024-04-30 21:50:31 CEST.
Flavor | Version | Tinstall | Tcheck | Ttotal | Status | Flags |
---|---|---|---|---|---|---|
r-devel-linux-x86_64-debian-clang | 1.3-9.1 | 11.82 | 40.73 | 52.55 | OK | |
r-devel-linux-x86_64-debian-gcc | 1.3-9.1 | 6.91 | 29.95 | 36.86 | OK | |
r-devel-linux-x86_64-fedora-clang | 1.3-9.1 | 63.54 | NOTE | |||
r-devel-linux-x86_64-fedora-gcc | 1.3-9.1 | 58.03 | OK | |||
r-devel-windows-x86_64 | 1.3-9.1 | 13.00 | 61.00 | 74.00 | OK | |
r-patched-linux-x86_64 | 1.3-9.1 | 8.96 | 37.00 | 45.96 | OK | |
r-release-linux-x86_64 | 1.3-9.1 | 8.41 | 38.35 | 46.76 | OK | |
r-release-macos-arm64 | 1.3-9.1 | 21.00 | OK | |||
r-release-windows-x86_64 | 1.3-9.1 | 11.00 | 63.00 | 74.00 | OK | |
r-oldrel-macos-arm64 | 1.3-9.1 | 25.00 | OK | |||
r-oldrel-macos-x86_64 | 1.3-9.1 | 37.00 | OK | |||
r-oldrel-windows-x86_64 | 1.3-9.1 | 13.00 | 68.00 | 81.00 | OK |
Version: 1.3-9.1
Check: Rd cross-references
Result: NOTE
Undeclared package ‘akima’ in Rd xrefs
Flavor: r-devel-linux-x86_64-fedora-clang