Last updated on 2024-04-30 06:01:02 CEST.
Flavor | Version | Tinstall | Tcheck | Ttotal | Status | Flags |
---|---|---|---|---|---|---|
r-devel-linux-x86_64-debian-clang | 0.3.0 | 35.50 | 47.67 | 83.17 | OK | |
r-devel-linux-x86_64-debian-gcc | 0.3.0 | 24.44 | 36.67 | 61.11 | OK | |
r-devel-linux-x86_64-fedora-clang | 0.3.0 | 111.63 | NOTE | |||
r-devel-linux-x86_64-fedora-gcc | 0.3.0 | 120.86 | NOTE | |||
r-devel-windows-x86_64 | 0.3.0 | 26.00 | 79.00 | 105.00 | OK | |
r-patched-linux-x86_64 | 0.3.0 | 32.04 | 45.49 | 77.53 | OK | |
r-release-linux-x86_64 | 0.3.0 | 30.93 | 46.45 | 77.38 | OK | |
r-release-macos-arm64 | 0.3.0 | 37.00 | OK | |||
r-release-windows-x86_64 | 0.3.0 | 27.00 | 79.00 | 106.00 | OK | |
r-oldrel-macos-arm64 | 0.3.0 | 41.00 | OK | |||
r-oldrel-macos-x86_64 | 0.3.0 | 61.00 | OK | |||
r-oldrel-windows-x86_64 | 0.3.0 | 32.00 | 87.00 | 119.00 | OK |
Version: 0.3.0
Check: data for non-ASCII characters
Result: NOTE
Note: found 1 marked UTF-8 string
Flavors: r-devel-linux-x86_64-fedora-clang, r-devel-linux-x86_64-fedora-gcc