Last updated on 2024-03-19 06:55:58 CET.
Flavor | Version | Tinstall | Tcheck | Ttotal | Status | Flags |
---|---|---|---|---|---|---|
r-devel-linux-x86_64-debian-clang | 0.7-11 | 36.31 | 75.94 | 112.25 | NOTE | |
r-devel-linux-x86_64-debian-gcc | 0.7-12 | 29.71 | 58.70 | 88.41 | NOTE | |
r-devel-linux-x86_64-fedora-clang | 0.7-12 | 161.53 | NOTE | |||
r-devel-linux-x86_64-fedora-gcc | 0.7-12 | 163.70 | NOTE | |||
r-devel-windows-x86_64 | 0.7-12 | 32.00 | 138.00 | 170.00 | NOTE | |
r-patched-linux-x86_64 | 0.7-12 | 39.32 | 73.60 | 112.92 | NOTE | |
r-release-linux-x86_64 | 0.7-12 | 37.35 | 74.42 | 111.77 | NOTE | |
r-release-macos-arm64 | 0.7-12 | 65.00 | NOTE | |||
r-release-macos-x86_64 | 0.7-12 | 116.00 | NOTE | |||
r-release-windows-x86_64 | 0.7-12 | 42.00 | 144.00 | 186.00 | NOTE | |
r-oldrel-macos-arm64 | 0.7-12 | 50.00 | NOTE | |||
r-oldrel-windows-x86_64 | 0.7-12 | 39.00 | 145.00 | 184.00 | NOTE |
Version: 0.7-11
Check: package dependencies
Result: NOTE
Packages suggested but not available for checking:
'Rcampdf', 'tm.lexicon.GeneralInquirer'
Flavor: r-devel-linux-x86_64-debian-clang
Version: 0.7-12
Check: package dependencies
Result: NOTE
Packages suggested but not available for checking:
'Rcampdf', 'tm.lexicon.GeneralInquirer'
Flavors: r-devel-linux-x86_64-debian-gcc, r-devel-linux-x86_64-fedora-clang, r-devel-linux-x86_64-fedora-gcc, r-patched-linux-x86_64, r-release-linux-x86_64, r-release-macos-arm64, r-release-macos-x86_64, r-oldrel-macos-arm64
Version: 0.7-12
Check: Rd cross-references
Result: NOTE
Undeclared packages ‘tm.plugin.dc’, ‘readtext’, ‘graph’, ‘tau’, ‘tokenizers’ in Rd xrefs
Flavor: r-devel-linux-x86_64-fedora-clang
Version: 0.7-12
Check: package dependencies
Result: NOTE
Packages suggested but not available for checking:
'Rcampdf', 'Rpoppler', 'tm.lexicon.GeneralInquirer'
Flavors: r-devel-windows-x86_64, r-release-windows-x86_64, r-oldrel-windows-x86_64