Last updated on 2024-04-30 21:50:31 CEST.
Flavor | Version | Tinstall | Tcheck | Ttotal | Status | Flags |
---|---|---|---|---|---|---|
r-devel-linux-x86_64-debian-clang | 0.3.0 | 43.18 | 31.45 | 74.63 | NOTE | |
r-devel-linux-x86_64-debian-gcc | 0.3.0 | 26.02 | 24.55 | 50.57 | NOTE | |
r-devel-linux-x86_64-fedora-clang | 0.3.0 | 112.96 | NOTE | |||
r-devel-linux-x86_64-fedora-gcc | 0.3.0 | 102.35 | NOTE | |||
r-devel-windows-x86_64 | 0.3.0 | 37.00 | 71.00 | 108.00 | NOTE | |
r-patched-linux-x86_64 | 0.3.0 | 42.58 | 30.71 | 73.29 | OK | |
r-release-linux-x86_64 | 0.3.0 | 39.88 | 30.66 | 70.54 | OK | |
r-release-macos-arm64 | 0.3.0 | 28.00 | OK | |||
r-release-windows-x86_64 | 0.3.0 | 34.00 | 74.00 | 108.00 | OK | |
r-oldrel-macos-arm64 | 0.3.0 | 52.00 | OK | |||
r-oldrel-macos-x86_64 | 0.3.0 | 95.00 | OK | |||
r-oldrel-windows-x86_64 | 0.3.0 | 34.00 | 79.00 | 113.00 | OK |
Version: 0.3.0
Check: compiled code
Result: NOTE
File ‘timechange/libs/timechange.so’:
Found non-API calls to R: ‘SETLENGTH’, ‘SET_TRUELENGTH’
Compiled code should not call non-API entry points in R.
See ‘Writing portable packages’ in the ‘Writing R Extensions’ manual.
Flavors: r-devel-linux-x86_64-debian-clang, r-devel-linux-x86_64-debian-gcc, r-devel-linux-x86_64-fedora-clang, r-devel-linux-x86_64-fedora-gcc
Version: 0.3.0
Check: compiled code
Result: NOTE
File 'timechange/libs/x64/timechange.dll':
Found non-API calls to R: 'SETLENGTH', 'SET_TRUELENGTH'
Compiled code should not call non-API entry points in R.
See 'Writing portable packages' in the 'Writing R Extensions' manual.
Flavor: r-devel-windows-x86_64